Last updated on 2025-11-03 17:49:48 CET.
| Flavor | Version | Tinstall | Tcheck | Ttotal | Status | Flags |
|---|---|---|---|---|---|---|
| r-devel-linux-x86_64-debian-clang | 1.2.4 | 14.40 | 212.56 | 226.96 | NOTE | |
| r-devel-linux-x86_64-debian-gcc | 1.2.4 | 10.39 | 146.53 | 156.92 | NOTE | |
| r-devel-linux-x86_64-fedora-clang | 1.2.4 | 31.00 | 322.44 | 353.44 | OK | |
| r-devel-linux-x86_64-fedora-gcc | 1.2.4 | 29.00 | 319.93 | 348.93 | OK | |
| r-devel-windows-x86_64 | 1.2.4 | 15.00 | 203.00 | 218.00 | OK | |
| r-patched-linux-x86_64 | 1.2.4 | 14.74 | 201.38 | 216.12 | OK | |
| r-release-linux-x86_64 | 1.2.4 | 14.51 | 199.88 | 214.39 | OK | |
| r-release-macos-arm64 | 1.2.4 | 7.00 | 100.00 | 107.00 | OK | |
| r-release-macos-x86_64 | 1.2.4 | 13.00 | 201.00 | 214.00 | OK | |
| r-release-windows-x86_64 | 1.2.4 | 15.00 | 198.00 | 213.00 | OK | |
| r-oldrel-macos-arm64 | 1.2.4 | 6.00 | 94.00 | 100.00 | OK | |
| r-oldrel-macos-x86_64 | 1.2.4 | 10.00 | 140.00 | 150.00 | OK | |
| r-oldrel-windows-x86_64 | 1.2.4 | 24.00 | 274.00 | 298.00 | OK |
Version: 1.2.4
Check: DESCRIPTION meta-information
Result: NOTE
Author field differs from that derived from Authors@R
Author: ‘Robrecht Cannoodt [aut, cre] (<https://orcid.org/0000-0003-3641-729X>, rcannood), Wouter Saelens [aut] (<https://orcid.org/0000-0002-7114-6248>, zouter)’
Authors@R: ‘Robrecht Cannoodt [aut, cre] (ORCID: <https://orcid.org/0000-0003-3641-729X>, github: rcannood), Wouter Saelens [aut] (ORCID: <https://orcid.org/0000-0002-7114-6248>, github: zouter)’
Flavors: r-devel-linux-x86_64-debian-clang, r-devel-linux-x86_64-debian-gcc