Last updated on 2025-07-16 00:49:59 CEST.
Flavor | Version | Tinstall | Tcheck | Ttotal | Status | Flags |
---|---|---|---|---|---|---|
r-devel-linux-x86_64-debian-clang | 0.1.2 | 3.80 | 85.29 | 89.09 | ERROR | |
r-devel-linux-x86_64-debian-gcc | 0.1.2 | 2.56 | 60.62 | 63.18 | OK | |
r-devel-linux-x86_64-fedora-clang | 0.1.2 | 140.97 | OK | |||
r-devel-linux-x86_64-fedora-gcc | 0.1.2 | 165.97 | OK | |||
r-devel-windows-x86_64 | 0.1.2 | 6.00 | 144.00 | 150.00 | OK | |
r-patched-linux-x86_64 | 0.1.2 | 4.27 | 81.84 | 86.11 | OK | |
r-release-linux-x86_64 | 0.1.2 | 3.42 | 83.79 | 87.21 | OK | |
r-release-macos-arm64 | 0.1.2 | 81.00 | OK | |||
r-release-macos-x86_64 | 0.1.2 | 145.00 | OK | |||
r-release-windows-x86_64 | 0.1.2 | 6.00 | 144.00 | 150.00 | OK | |
r-oldrel-macos-arm64 | 0.1.2 | 75.00 | OK | |||
r-oldrel-macos-x86_64 | 0.1.2 | 127.00 | OK | |||
r-oldrel-windows-x86_64 | 0.1.2 | 8.00 | 169.00 | 177.00 | OK |
Version: 0.1.2
Check: tests
Result: ERROR
Running ‘testthat.R’ [47s/67s]
Running the tests in ‘tests/testthat.R’ failed.
Complete output:
> library(testthat)
> library(zippeR)
>
> test_check("zippeR")
Error in curl::curl_fetch_memory(url, handle = handle) :
Timeout was reached [api.census.gov]:
Connection timed out after 10001 milliseconds
|
| | 0%
|
|=== | 4%
|
|========= | 12%
|
|============== | 21%
|
|===================== | 30%
|
|========================= | 35%
|
|=============================== | 44%
|
|======================================= | 55%
|
|======================================== | 57%
|
|============================================== | 66%
|
|================================================ | 69%
|
|======================================================== | 79%
|
|=============================================================== | 90%
|
|======================================================================| 99%
|
|======================================================================| 100%
[ FAIL 1 | WARN 1 | SKIP 1 | PASS 74 ]
══ Skipped tests (1) ═══════════════════════════════════════════════════════════
• On CRAN (1): 'test_zi_get_geometry.R:50:3'
══ Failed tests ════════════════════════════════════════════════════════════════
── Error ('test_zi_aggregate.R:13:1'): (code run outside of `test_that()`) ─────
Error in `tidycensus::get_decennial(geography = "state", variables = "P013001",
year = 2010)`: Error in curl::curl_fetch_memory(url, handle = handle) :
Timeout was reached [api.census.gov]:
Connection timed out after 10001 milliseconds
Backtrace:
▆
1. └─tidycensus::get_decennial(geography = "state", variables = "P013001", year = 2010) at test_zi_aggregate.R:13:1
2. └─rlang::abort(message = dat)
[ FAIL 1 | WARN 1 | SKIP 1 | PASS 74 ]
Error: Test failures
Execution halted
Flavor: r-devel-linux-x86_64-debian-clang