Last updated on 2025-11-04 05:51:30 CET.
| Flavor | Version | Tinstall | Tcheck | Ttotal | Status | Flags | 
|---|---|---|---|---|---|---|
| r-devel-linux-x86_64-debian-clang | 1.0.2 | 9.99 | 82.87 | 92.86 | NOTE | |
| r-devel-linux-x86_64-debian-gcc | 1.0.2 | 6.45 | 58.14 | 64.59 | NOTE | |
| r-devel-linux-x86_64-fedora-clang | 1.0.2 | 22.00 | 124.48 | 146.48 | OK | |
| r-devel-linux-x86_64-fedora-gcc | 1.0.2 | 19.00 | 117.11 | 136.11 | OK | |
| r-devel-windows-x86_64 | 1.0.2 | 11.00 | 96.00 | 107.00 | OK | |
| r-patched-linux-x86_64 | 1.0.2 | 9.43 | 79.96 | 89.39 | OK | |
| r-release-linux-x86_64 | 1.0.2 | 9.27 | 79.39 | 88.66 | OK | |
| r-release-macos-arm64 | 1.0.2 | 4.00 | 39.00 | 43.00 | OK | |
| r-release-macos-x86_64 | 1.0.2 | 9.00 | 67.00 | 76.00 | OK | |
| r-release-windows-x86_64 | 1.0.2 | 12.00 | 95.00 | 107.00 | OK | |
| r-oldrel-macos-arm64 | 1.0.2 | 5.00 | 39.00 | 44.00 | NOTE | |
| r-oldrel-macos-x86_64 | 1.0.2 | 6.00 | 53.00 | 59.00 | NOTE | |
| r-oldrel-windows-x86_64 | 1.0.2 | 14.00 | 119.00 | 133.00 | NOTE | 
Version: 1.0.2
Check: CRAN incoming feasibility
Result: NOTE
  Maintainer: ‘Ariel Duarte-López <aduarte@ac.upc.edu>’
  
  The Description field contains
    (2013) <arXiv:1304.4540>, the Zipf-Poisson Extreme (Zipf-PE), the
  Please refer to arXiv e-prints via their arXiv DOI <doi:10.48550/arXiv.YYMM.NNNNN>.
Flavors: r-devel-linux-x86_64-debian-clang, r-devel-linux-x86_64-debian-gcc
Version: 1.0.2
Check: LazyData
Result: NOTE
    'LazyData' is specified without a 'data' directory
Flavors: r-oldrel-macos-arm64, r-oldrel-macos-x86_64, r-oldrel-windows-x86_64