CRAN Package Check Results for Package zipangu

Last updated on 2025-07-15 00:50:21 CEST.

Flavor Version Tinstall Tcheck Ttotal Status Flags
r-devel-linux-x86_64-debian-clang 0.3.3 3.31 44.10 47.41 NOTE
r-devel-linux-x86_64-debian-gcc 0.3.3 2.78 34.09 36.87 NOTE
r-devel-linux-x86_64-fedora-clang 0.3.3 72.42 NOTE
r-devel-linux-x86_64-fedora-gcc 0.3.3 67.23 NOTE
r-devel-windows-x86_64 0.3.3 5.00 65.00 70.00 NOTE
r-patched-linux-x86_64 0.3.3 4.37 40.06 44.43 NOTE
r-release-linux-x86_64 0.3.3 2.77 40.36 43.13 NOTE
r-release-macos-arm64 0.3.3 26.00 NOTE
r-release-macos-x86_64 0.3.3 47.00 NOTE
r-release-windows-x86_64 0.3.3 6.00 71.00 77.00 NOTE
r-oldrel-macos-arm64 0.3.3 26.00 OK
r-oldrel-macos-x86_64 0.3.3 40.00 OK
r-oldrel-windows-x86_64 0.3.3 7.00 77.00 84.00 OK

Check Details

Version: 0.3.3
Check: DESCRIPTION meta-information
Result: NOTE Missing dependency on R >= 4.1.0 because package code uses the pipe |> or function shorthand \(...) syntax added in R 4.1.0. File(s) using such syntax: ‘convert-jyear-legacy.R’ Flavors: r-devel-linux-x86_64-debian-clang, r-devel-linux-x86_64-debian-gcc, r-devel-linux-x86_64-fedora-clang, r-devel-linux-x86_64-fedora-gcc, r-devel-windows-x86_64, r-patched-linux-x86_64, r-release-linux-x86_64, r-release-macos-arm64, r-release-macos-x86_64, r-release-windows-x86_64

mirror server hosted at Truenetwork, Russian Federation.