Last updated on 2025-11-04 05:51:30 CET.
| Flavor | Version | Tinstall | Tcheck | Ttotal | Status | Flags | 
|---|---|---|---|---|---|---|
| r-devel-linux-x86_64-debian-clang | 0.1.0 | 1.94 | 22.81 | 24.75 | NOTE | |
| r-devel-linux-x86_64-debian-gcc | 0.1.0 | 1.53 | 18.96 | 20.49 | NOTE | |
| r-devel-linux-x86_64-fedora-clang | 0.1.0 | 36.66 | NOTE | |||
| r-devel-linux-x86_64-fedora-gcc | 0.1.0 | 33.22 | NOTE | |||
| r-devel-windows-x86_64 | 0.1.0 | 4.00 | 41.00 | 45.00 | NOTE | |
| r-patched-linux-x86_64 | 0.1.0 | 1.76 | 20.73 | 22.49 | NOTE | |
| r-release-linux-x86_64 | 0.1.0 | 1.73 | 20.74 | 22.47 | NOTE | |
| r-release-macos-arm64 | 0.1.0 | 1.00 | 17.00 | 18.00 | NOTE | |
| r-release-macos-x86_64 | 0.1.0 | 2.00 | 33.00 | 35.00 | NOTE | |
| r-release-windows-x86_64 | 0.1.0 | 3.00 | 41.00 | 44.00 | NOTE | |
| r-oldrel-macos-arm64 | 0.1.0 | 1.00 | 14.00 | 15.00 | OK | |
| r-oldrel-macos-x86_64 | 0.1.0 | 2.00 | 21.00 | 23.00 | OK | |
| r-oldrel-windows-x86_64 | 0.1.0 | 4.00 | 46.00 | 50.00 | OK | 
Version: 0.1.0
Check: DESCRIPTION meta-information
Result: NOTE
    Missing dependency on R >= 4.1.0 because package code uses the pipe
    |> or function shorthand \(...) syntax added in R 4.1.0.
    File(s) using such syntax:
      ‘cache_report.R’ ‘list_deposit.R’
Flavors: r-devel-linux-x86_64-debian-clang, r-devel-linux-x86_64-debian-gcc, r-devel-linux-x86_64-fedora-clang, r-devel-linux-x86_64-fedora-gcc, r-devel-windows-x86_64, r-patched-linux-x86_64, r-release-linux-x86_64, r-release-macos-arm64, r-release-macos-x86_64, r-release-windows-x86_64