Last updated on 2025-11-04 05:51:30 CET.
| Flavor | Version | Tinstall | Tcheck | Ttotal | Status | Flags | 
|---|---|---|---|---|---|---|
| r-devel-linux-x86_64-debian-clang | 1.4-2 | 2.26 | 26.19 | 28.45 | NOTE | |
| r-devel-linux-x86_64-debian-gcc | 1.4-2 | 1.94 | 20.95 | 22.89 | NOTE | |
| r-devel-linux-x86_64-fedora-clang | 1.4-2 | 41.99 | OK | |||
| r-devel-linux-x86_64-fedora-gcc | 1.4-2 | 39.01 | OK | |||
| r-devel-windows-x86_64 | 1.4-2 | 3.00 | 46.00 | 49.00 | OK | |
| r-patched-linux-x86_64 | 1.4-2 | 2.48 | 24.79 | 27.27 | OK | |
| r-release-linux-x86_64 | 1.4-2 | 2.50 | 24.72 | 27.22 | OK | |
| r-release-macos-arm64 | 1.4-2 | 1.00 | 19.00 | 20.00 | OK | |
| r-release-macos-x86_64 | 1.4-2 | 2.00 | 28.00 | 30.00 | OK | |
| r-release-windows-x86_64 | 1.4-2 | 4.00 | 48.00 | 52.00 | OK | |
| r-oldrel-macos-arm64 | 1.4-2 | 1.00 | 16.00 | 17.00 | OK | |
| r-oldrel-macos-x86_64 | 1.4-2 | 2.00 | 23.00 | 25.00 | OK | |
| r-oldrel-windows-x86_64 | 1.4-2 | 3.00 | 54.00 | 57.00 | OK | 
Version: 1.4-2
Check: CRAN incoming feasibility
Result: NOTE
  Maintainer: ‘Carter T. Butts <buttsc@uci.edu>’
  
  No Authors@R field in DESCRIPTION.
  Please add one, modifying
    Authors@R: person(given = c("Carter", "T."),
                      family = "Butts",
                      role = c("aut", "cre"),
                      email = "buttsc@uci.edu")
  as necessary.
Flavors: r-devel-linux-x86_64-debian-clang, r-devel-linux-x86_64-debian-gcc