Last updated on 2025-11-04 05:51:30 CET.
| Flavor | Version | Tinstall | Tcheck | Ttotal | Status | Flags | 
|---|---|---|---|---|---|---|
| r-devel-linux-x86_64-debian-clang | 1.1.1 | 7.06 | 55.88 | 62.94 | OK | |
| r-devel-linux-x86_64-debian-gcc | 1.1.1 | 5.07 | 42.67 | 47.74 | OK | |
| r-devel-linux-x86_64-fedora-clang | 1.1.1 | 16.00 | 82.08 | 98.08 | NOTE | |
| r-devel-linux-x86_64-fedora-gcc | 1.1.1 | 16.00 | 92.25 | 108.25 | NOTE | |
| r-devel-windows-x86_64 | 1.1.1 | 8.00 | 65.00 | 73.00 | OK | |
| r-patched-linux-x86_64 | 1.1.1 | 6.70 | 51.83 | 58.53 | OK | |
| r-release-linux-x86_64 | 1.1.1 | 6.69 | 50.98 | 57.67 | OK | |
| r-release-macos-arm64 | 1.1.1 | 3.00 | 29.00 | 32.00 | OK | |
| r-release-macos-x86_64 | 1.1.1 | 5.00 | 54.00 | 59.00 | OK | |
| r-release-windows-x86_64 | 1.1.1 | 8.00 | 64.00 | 72.00 | OK | |
| r-oldrel-macos-arm64 | 1.1.1 | 2.00 | 28.00 | 30.00 | NOTE | |
| r-oldrel-macos-x86_64 | 1.1.1 | 4.00 | 42.00 | 46.00 | NOTE | |
| r-oldrel-windows-x86_64 | 1.1.1 | 11.00 | 84.00 | 95.00 | NOTE | 
Version: 1.1.1
Check: dependencies in R code
Result: NOTE
  Namespaces in Imports field not imported from:
    ‘qpdf’ ‘rlang’ ‘tibble’
    All declared Imports should be used.
Flavors: r-devel-linux-x86_64-fedora-clang, r-devel-linux-x86_64-fedora-gcc
Version: 1.1.1
Check: LazyData
Result: NOTE
    'LazyData' is specified without a 'data' directory
Flavors: r-oldrel-macos-arm64, r-oldrel-macos-x86_64, r-oldrel-windows-x86_64