Last updated on 2025-11-04 11:52:48 CET.
| Flavor | Version | Tinstall | Tcheck | Ttotal | Status | Flags | 
|---|---|---|---|---|---|---|
| r-devel-linux-x86_64-debian-clang | 0.1.2 | 1.57 | 24.52 | 26.09 | NOTE | |
| r-devel-linux-x86_64-debian-gcc | 0.1.2 | 1.58 | 19.56 | 21.14 | NOTE | |
| r-devel-linux-x86_64-fedora-clang | 0.1.2 | 40.47 | NOTE | |||
| r-devel-linux-x86_64-fedora-gcc | 0.1.2 | 37.32 | NOTE | |||
| r-devel-windows-x86_64 | 0.1.2 | 4.00 | 42.00 | 46.00 | NOTE | |
| r-patched-linux-x86_64 | 0.1.2 | 2.07 | 22.95 | 25.02 | NOTE | |
| r-release-linux-x86_64 | 0.1.2 | 2.05 | 22.85 | 24.90 | NOTE | |
| r-release-macos-arm64 | 0.1.2 | 1.00 | 16.00 | 17.00 | NOTE | |
| r-release-macos-x86_64 | 0.1.2 | 2.00 | 29.00 | 31.00 | NOTE | |
| r-release-windows-x86_64 | 0.1.2 | 4.00 | 42.00 | 46.00 | NOTE | |
| r-oldrel-macos-arm64 | 0.1.2 | 1.00 | 16.00 | 17.00 | NOTE | |
| r-oldrel-macos-x86_64 | 0.1.2 | 2.00 | 21.00 | 23.00 | NOTE | |
| r-oldrel-windows-x86_64 | 0.1.2 | 5.00 | 52.00 | 57.00 | NOTE | 
Version: 0.1.2
Check: Rd files
Result: NOTE
  checkRd: (-1) xml_to_df.Rd:144: Lost braces; missing escapes or markup?
     144 | Default {NULL} means the workbook will not be protected with a password}
         |         ^
Flavors: r-devel-linux-x86_64-debian-clang, r-devel-linux-x86_64-debian-gcc, r-devel-linux-x86_64-fedora-clang, r-devel-linux-x86_64-fedora-gcc, r-devel-windows-x86_64, r-patched-linux-x86_64, r-release-linux-x86_64, r-release-macos-arm64, r-release-macos-x86_64, r-release-windows-x86_64, r-oldrel-macos-arm64, r-oldrel-macos-x86_64, r-oldrel-windows-x86_64