Last updated on 2025-02-22 11:51:46 CET.
Flavor | Version | Tinstall | Tcheck | Ttotal | Status | Flags |
---|---|---|---|---|---|---|
r-devel-linux-x86_64-debian-clang | 1.7.8 | 6.61 | 49.19 | 55.80 | NOTE | |
r-devel-linux-x86_64-debian-gcc | 1.7.8 | 4.70 | 34.90 | 39.60 | NOTE | |
r-devel-linux-x86_64-fedora-clang | 1.7.8 | 86.56 | NOTE | |||
r-devel-linux-x86_64-fedora-gcc | 1.7.8 | 79.91 | NOTE | |||
r-devel-macos-arm64 | 1.7.8 | 29.00 | NOTE | |||
r-devel-macos-x86_64 | 1.7.8 | 53.00 | NOTE | |||
r-devel-windows-x86_64 | 1.7.8 | 9.00 | 65.00 | 74.00 | NOTE | |
r-patched-linux-x86_64 | 1.7.8 | 5.55 | 46.09 | 51.64 | NOTE | |
r-release-linux-x86_64 | 1.7.8 | 6.64 | 44.75 | 51.39 | NOTE | |
r-release-macos-arm64 | 1.7.8 | 41.00 | NOTE | |||
r-release-macos-x86_64 | 1.7.8 | 58.00 | NOTE | |||
r-release-windows-x86_64 | 1.7.8 | 8.00 | 65.00 | 73.00 | NOTE | |
r-oldrel-macos-arm64 | 1.7.8 | 45.00 | OK | |||
r-oldrel-macos-x86_64 | 1.7.8 | 71.00 | OK | |||
r-oldrel-windows-x86_64 | 1.7.8 | 9.00 | 75.00 | 84.00 | OK |
Version: 1.7.8
Check: Rd files
Result: NOTE
checkRd: (-1) chemnet.Rd:111: Lost braces in \itemize; meant \describe ?
checkRd: (-1) chemnet.Rd:112: Lost braces in \itemize; meant \describe ?
checkRd: (-1) knecht.Rd:103: Lost braces in \itemize; meant \describe ?
checkRd: (-1) knecht.Rd:104: Lost braces in \itemize; meant \describe ?
checkRd: (-1) knecht.Rd:105: Lost braces in \itemize; meant \describe ?
Flavors: r-devel-linux-x86_64-debian-clang, r-devel-linux-x86_64-debian-gcc, r-devel-linux-x86_64-fedora-clang, r-devel-linux-x86_64-fedora-gcc, r-devel-macos-arm64, r-devel-macos-x86_64, r-devel-windows-x86_64, r-patched-linux-x86_64, r-release-linux-x86_64, r-release-macos-arm64, r-release-macos-x86_64, r-release-windows-x86_64