Last updated on 2025-11-04 11:52:48 CET.
| Flavor | Version | Tinstall | Tcheck | Ttotal | Status | Flags | 
|---|---|---|---|---|---|---|
| r-devel-linux-x86_64-debian-clang | 1.7.8 | 11.75 | 81.94 | 93.69 | NOTE | |
| r-devel-linux-x86_64-debian-gcc | 1.7.8 | 6.84 | 58.61 | 65.45 | NOTE | |
| r-devel-linux-x86_64-fedora-clang | 1.7.8 | 22.00 | 119.63 | 141.63 | NOTE | |
| r-devel-linux-x86_64-fedora-gcc | 1.7.8 | 22.00 | 110.31 | 132.31 | NOTE | |
| r-devel-windows-x86_64 | 1.7.8 | 12.00 | 83.00 | 95.00 | NOTE | |
| r-patched-linux-x86_64 | 1.7.8 | 10.18 | 76.89 | 87.07 | NOTE | |
| r-release-linux-x86_64 | 1.7.8 | 9.07 | 75.99 | 85.06 | NOTE | |
| r-release-macos-arm64 | 1.7.8 | 4.00 | 29.00 | 33.00 | NOTE | |
| r-release-macos-x86_64 | 1.7.8 | 7.00 | 45.00 | 52.00 | NOTE | |
| r-release-windows-x86_64 | 1.7.8 | 12.00 | 84.00 | 96.00 | NOTE | |
| r-oldrel-macos-arm64 | 1.7.8 | 5.00 | 36.00 | 41.00 | NOTE | |
| r-oldrel-macos-x86_64 | 1.7.8 | 7.00 | 51.00 | 58.00 | NOTE | |
| r-oldrel-windows-x86_64 | 1.7.8 | 15.00 | 104.00 | 119.00 | NOTE | 
Version: 1.7.8
Check: CRAN incoming feasibility
Result: NOTE
  Maintainer: ‘Philip Leifeld <philip.leifeld@essex.ac.uk>’
  
  Package CITATION file contains call(s) to old-style personList() or
  as.personList().  Please use c() on person objects instead.
  Package CITATION file contains call(s) to old-style citEntry().  Please
  use bibentry() instead.
  
  Found the following URLs which should use \doi (with the DOI name only):
    File ‘chemnet.Rd’:
      http://dx.doi.org/10.1111/j.1540-5907.2011.00580.x
      http://dx.doi.org/10.1007%2F978-3-531-91883-9_6
    File ‘knecht.Rd’:
      http://dx.doi.org/10.1111/j.1467-9507.2009.00564.x
      http://dx.doi.org/10.1016/j.socnet.2009.02.004
Flavors: r-devel-linux-x86_64-debian-clang, r-devel-linux-x86_64-debian-gcc
Version: 1.7.8
Check: Rd files
Result: NOTE
  checkRd: (-1) chemnet.Rd:111: Lost braces in \itemize; meant \describe ?
  checkRd: (-1) chemnet.Rd:112: Lost braces in \itemize; meant \describe ?
  checkRd: (-1) knecht.Rd:103: Lost braces in \itemize; meant \describe ?
  checkRd: (-1) knecht.Rd:104: Lost braces in \itemize; meant \describe ?
  checkRd: (-1) knecht.Rd:105: Lost braces in \itemize; meant \describe ?
Flavors: r-devel-linux-x86_64-debian-clang, r-devel-linux-x86_64-debian-gcc, r-devel-linux-x86_64-fedora-clang, r-devel-linux-x86_64-fedora-gcc, r-devel-windows-x86_64, r-patched-linux-x86_64, r-release-linux-x86_64, r-release-macos-arm64, r-release-macos-x86_64, r-release-windows-x86_64, r-oldrel-macos-arm64, r-oldrel-macos-x86_64, r-oldrel-windows-x86_64