Last updated on 2025-11-04 11:52:48 CET.
| Flavor | Version | Tinstall | Tcheck | Ttotal | Status | Flags | 
|---|---|---|---|---|---|---|
| r-devel-linux-x86_64-debian-clang | 0.1-3 | 12.21 | 211.74 | 223.95 | OK | |
| r-devel-linux-x86_64-debian-gcc | 0.1-3 | 8.03 | 152.13 | 160.16 | OK | |
| r-devel-linux-x86_64-fedora-clang | 0.1-3 | 26.00 | 259.52 | 285.52 | OK | |
| r-devel-linux-x86_64-fedora-gcc | 0.1-3 | 26.00 | 262.14 | 288.14 | OK | |
| r-devel-windows-x86_64 | 0.1-3 | 31.00 | 437.00 | 468.00 | OK | |
| r-patched-linux-x86_64 | 0.1-3 | 12.65 | 216.50 | 229.15 | OK | |
| r-release-linux-x86_64 | 0.1-3 | 10.11 | 207.70 | 217.81 | OK | |
| r-release-macos-arm64 | 0.1-3 | 9.00 | 100.00 | 109.00 | OK | |
| r-release-macos-x86_64 | 0.1-3 | 17.00 | 223.00 | 240.00 | OK | |
| r-release-windows-x86_64 | 0.1-3 | 27.00 | 434.00 | 461.00 | OK | |
| r-oldrel-macos-arm64 | 0.1-3 | 10.00 | 76.00 | 86.00 | NOTE | |
| r-oldrel-macos-x86_64 | 0.1-3 | 21.00 | 224.00 | 245.00 | NOTE | |
| r-oldrel-windows-x86_64 | 0.1-3 | 28.00 | 415.00 | 443.00 | OK | 
Version: 0.1-3
Check: installed package size
Result: NOTE
    installed size is 21.7Mb
    sub-directories of 1Mb or more:
      Fonts   1.3Mb
      libs   19.7Mb
Flavors: r-oldrel-macos-arm64, r-oldrel-macos-x86_64