Last updated on 2025-11-04 05:51:30 CET.
| Flavor | Version | Tinstall | Tcheck | Ttotal | Status | Flags | 
|---|---|---|---|---|---|---|
| r-devel-linux-x86_64-debian-clang | 1.10.3 | 11.88 | 86.61 | 98.49 | NOTE | |
| r-devel-linux-x86_64-debian-gcc | 1.10.3 | 7.05 | 61.48 | 68.53 | NOTE | |
| r-devel-linux-x86_64-fedora-clang | 1.10.3 | 25.00 | 135.26 | 160.26 | OK | |
| r-devel-linux-x86_64-fedora-gcc | 1.10.3 | 25.00 | 125.53 | 150.53 | OK | |
| r-devel-windows-x86_64 | 1.10.3 | 14.00 | 95.00 | 109.00 | OK | |
| r-patched-linux-x86_64 | 1.10.3 | 12.02 | 84.11 | 96.13 | OK | |
| r-release-linux-x86_64 | 1.10.3 | 11.35 | 83.67 | 95.02 | OK | |
| r-release-macos-arm64 | 1.10.3 | 5.00 | 38.00 | 43.00 | OK | |
| r-release-macos-x86_64 | 1.10.3 | 9.00 | 72.00 | 81.00 | OK | |
| r-release-windows-x86_64 | 1.10.3 | 13.00 | 95.00 | 108.00 | OK | |
| r-oldrel-macos-arm64 | 1.10.3 | 4.00 | 37.00 | 41.00 | OK | |
| r-oldrel-macos-x86_64 | 1.10.3 | 7.00 | 56.00 | 63.00 | OK | |
| r-oldrel-windows-x86_64 | 1.10.3 | 17.00 | 122.00 | 139.00 | OK | 
Version: 1.10.3
Check: CRAN incoming feasibility
Result: NOTE
  Maintainer: ‘Alexander Kowarik <alexander.kowarik@statistik.gv.at>’
  
  No Authors@R field in DESCRIPTION.
  Please add one, modifying
    Authors@R: c(person(given = "Alexander",
                        family = "Kowarik",
                        role = c("aut", "cre"),
                        email = "alexander.kowarik@statistik.gv.at"),
                 person(given = "Angelika",
                        family = "Meraner",
                        role = "aut"))
  as necessary.
  
  Package CITATION file contains call(s) to old-style personList() or
  as.personList().  Please use c() on person objects instead.
  Package CITATION file contains call(s) to old-style citEntry().  Please
  use bibentry() instead.
Flavors: r-devel-linux-x86_64-debian-clang, r-devel-linux-x86_64-debian-gcc