CRAN Package Check Results for Package wrswoR

Last updated on 2025-11-04 13:50:29 CET.

Flavor Version Tinstall Tcheck Ttotal Status Flags
r-devel-linux-x86_64-debian-clang 1.1.1 12.40 30.12 42.52 OK
r-devel-linux-x86_64-debian-gcc 1.1.1 8.54 24.56 33.10 OK
r-devel-linux-x86_64-fedora-clang 1.1.1 32.00 36.11 68.11 OK
r-devel-linux-x86_64-fedora-gcc 1.1.1 33.00 32.59 65.59 OK
r-devel-windows-x86_64 1.1.1 16.00 62.00 78.00 OK
r-patched-linux-x86_64 1.1.1 12.83 28.16 40.99 OK
r-release-linux-x86_64 1.1.1 12.13 28.38 40.51 OK
r-release-macos-arm64 1.1.1 5.00 19.00 24.00 OK
r-release-macos-x86_64 1.1.1 10.00 30.00 40.00 OK
r-release-windows-x86_64 1.1.1 16.00 62.00 78.00 OK
r-oldrel-macos-arm64 1.1.1 6.00 18.00 24.00 NOTE
r-oldrel-macos-x86_64 1.1.1 8.00 25.00 33.00 NOTE
r-oldrel-windows-x86_64 1.1.1 15.00 80.00 95.00 NOTE

Check Details

Version: 1.1.1
Check: LazyData
Result: NOTE 'LazyData' is specified without a 'data' directory Flavors: r-oldrel-macos-arm64, r-oldrel-macos-x86_64, r-oldrel-windows-x86_64

mirror server hosted at Truenetwork, Russian Federation.