Last updated on 2025-05-27 18:50:05 CEST.
Flavor | Version | Tinstall | Tcheck | Ttotal | Status | Flags |
---|---|---|---|---|---|---|
r-devel-linux-x86_64-debian-clang | 1.13.1 | 22.81 | 279.27 | 302.08 | OK | |
r-devel-linux-x86_64-debian-gcc | 1.13.1 | 12.62 | 188.06 | 200.68 | OK | |
r-devel-linux-x86_64-fedora-clang | 1.13.1 | 436.00 | OK | |||
r-devel-linux-x86_64-fedora-gcc | 1.13.1 | 438.64 | OK | |||
r-devel-windows-x86_64 | 1.13.1 | 23.00 | 224.00 | 247.00 | OK | |
r-patched-linux-x86_64 | 1.13.1 | 21.78 | 267.10 | 288.88 | OK | |
r-release-linux-x86_64 | 1.13.1 | 19.49 | 268.04 | 287.53 | OK | |
r-release-macos-arm64 | 1.13.1 | 93.00 | OK | |||
r-release-macos-x86_64 | 1.13.1 | 199.00 | OK | |||
r-release-windows-x86_64 | 1.13.1 | 22.00 | 225.00 | 247.00 | OK | |
r-oldrel-macos-arm64 | 1.13.1 | 95.00 | NOTE | |||
r-oldrel-macos-x86_64 | 1.13.1 | 194.00 | NOTE | |||
r-oldrel-windows-x86_64 | 1.13.1 | 30.00 | 275.00 | 305.00 | NOTE |
Version: 1.13.1
Check: installed package size
Result: NOTE
installed size is 7.0Mb
sub-directories of 1Mb or more:
doc 3.3Mb
extdata 2.5Mb
Flavors: r-oldrel-macos-arm64, r-oldrel-macos-x86_64, r-oldrel-windows-x86_64