Last updated on 2025-11-04 11:52:47 CET.
| Flavor | Version | Tinstall | Tcheck | Ttotal | Status | Flags | 
|---|---|---|---|---|---|---|
| r-devel-linux-x86_64-debian-clang | 1.5 | 8.98 | 41.25 | 50.23 | NOTE | |
| r-devel-linux-x86_64-debian-gcc | 1.5 | 6.41 | 41.25 | 47.66 | NOTE | |
| r-devel-linux-x86_64-fedora-clang | 1.5 | 19.00 | 57.49 | 76.49 | OK | |
| r-devel-linux-x86_64-fedora-gcc | 1.5 | 22.00 | 100.91 | 122.91 | OK | |
| r-devel-windows-x86_64 | 1.5 | 11.00 | 138.00 | 149.00 | OK | |
| r-patched-linux-x86_64 | 1.5 | 7.51 | 56.76 | 64.27 | OK | |
| r-release-linux-x86_64 | 1.5 | 8.15 | 55.29 | 63.44 | OK | |
| r-release-macos-arm64 | 1.5 | 7.00 | 49.00 | 56.00 | OK | |
| r-release-macos-x86_64 | 1.5 | 11.00 | 96.00 | 107.00 | OK | |
| r-release-windows-x86_64 | 1.5 | 12.00 | 141.00 | 153.00 | OK | |
| r-oldrel-macos-arm64 | 1.5 | 5.00 | 48.00 | 53.00 | OK | |
| r-oldrel-macos-x86_64 | 1.5 | 15.00 | 142.00 | 157.00 | OK | |
| r-oldrel-windows-x86_64 | 1.5 | 14.00 | 158.00 | 172.00 | OK | 
Version: 1.5
Check: CRAN incoming feasibility
Result: NOTE
  Maintainer: ‘Jeffrey B. Lewis <jblewis@ucla.edu>’
  
  No Authors@R field in DESCRIPTION.
  Please add one, modifying
    Authors@R: c(person(given = "Keith",
                        family = "Poole",
                        role = "aut",
                        email = "ktpoole@uga.edu"),
                 person(given = "Jeffrey",
                        family = "Lewis",
                        role = "aut",
                        email = "jblewis@ucla.edu"),
                 person(given = "James",
                        family = "Lo",
                        role = "aut",
                        email = "lojames@usc.edu"),
                 person(given = "Royce",
                        family = "Carroll",
                        role = "aut",
                        email = "rcarroll@rice.edu"),
                 person(given = c("Jeffrey", "B."),
                        family = "Lewis",
                        role = "cre",
                        email = "jblewis@ucla.edu"))
  as necessary.
Flavors: r-devel-linux-x86_64-debian-clang, r-devel-linux-x86_64-debian-gcc