Last updated on 2025-11-04 05:51:29 CET.
| Flavor | Version | Tinstall | Tcheck | Ttotal | Status | Flags | 
|---|---|---|---|---|---|---|
| r-devel-linux-x86_64-debian-clang | 1.0.1 | 306.95 | 197.03 | 503.98 | OK | |
| r-devel-linux-x86_64-debian-gcc | 1.0.1 | 292.63 | 158.27 | 450.90 | OK | |
| r-devel-linux-x86_64-fedora-clang | 1.0.1 | 660.00 | 135.52 | 795.52 | OK | |
| r-devel-linux-x86_64-fedora-gcc | 1.0.1 | 960.00 | 34.76 | 994.76 | OK | |
| r-devel-windows-x86_64 | 1.0.1 | 363.00 | 209.00 | 572.00 | OK | |
| r-patched-linux-x86_64 | 1.0.1 | 366.40 | 215.88 | 582.28 | OK | |
| r-release-linux-x86_64 | 1.0.1 | 374.90 | 217.34 | 592.24 | OK | |
| r-release-macos-arm64 | 1.0.1 | 121.00 | 61.00 | 182.00 | OK | |
| r-release-macos-x86_64 | 1.0.1 | 157.00 | 139.00 | 296.00 | OK | |
| r-release-windows-x86_64 | 1.0.1 | 350.00 | 210.00 | 560.00 | OK | |
| r-oldrel-macos-arm64 | 1.0.1 | 64.00 | 42.00 | 106.00 | NOTE | |
| r-oldrel-macos-x86_64 | 1.0.1 | 62.00 | 71.00 | 133.00 | NOTE | |
| r-oldrel-windows-x86_64 | 1.0.1 | 409.00 | 272.00 | 681.00 | OK | 
Version: 1.0.1
Check: installed package size
Result: NOTE
    installed size is 57.6Mb
    sub-directories of 1Mb or more:
      libs  57.2Mb
Flavors: r-oldrel-macos-arm64, r-oldrel-macos-x86_64
Version: 1.0.1
Check: for GNU extensions in Makefiles
Result: NOTE
  GNU make is a SystemRequirements.
Flavors: r-oldrel-macos-arm64, r-oldrel-macos-x86_64