Last updated on 2025-05-27 18:50:05 CEST.
Flavor | Version | Tinstall | Tcheck | Ttotal | Status | Flags |
---|---|---|---|---|---|---|
r-devel-linux-x86_64-debian-clang | 0.1.2 | 1.51 | 26.25 | 27.76 | NOTE | |
r-devel-linux-x86_64-debian-gcc | 0.1.2 | 1.37 | 21.74 | 23.11 | NOTE | |
r-devel-linux-x86_64-fedora-clang | 0.1.2 | 42.55 | OK | |||
r-devel-linux-x86_64-fedora-gcc | 0.1.2 | 55.83 | OK | |||
r-devel-windows-x86_64 | 0.1.2 | 2.00 | 46.00 | 48.00 | OK | |
r-patched-linux-x86_64 | 0.1.2 | 1.63 | 24.71 | 26.34 | OK | |
r-release-linux-x86_64 | 0.1.2 | 1.55 | 24.07 | 25.62 | OK | |
r-release-macos-arm64 | 0.1.2 | 25.00 | OK | |||
r-release-macos-x86_64 | 0.1.2 | 44.00 | OK | |||
r-release-windows-x86_64 | 0.1.2 | 2.00 | 45.00 | 47.00 | OK | |
r-oldrel-macos-arm64 | 0.1.2 | 25.00 | OK | |||
r-oldrel-macos-x86_64 | 0.1.2 | 36.00 | OK | |||
r-oldrel-windows-x86_64 | 0.1.2 | 3.00 | 52.00 | 55.00 | OK |
Version: 0.1.2
Check: CRAN incoming feasibility
Result: NOTE
Maintainer: ‘Novica Nakov <nnovica@gmail.com>’
The BugReports field in DESCRIPTION has
https://github.com/windsor-ai/windsoraiR/
which should likely be
https://github.com/windsor-ai/windsoraiR/issues
instead.
Flavors: r-devel-linux-x86_64-debian-clang, r-devel-linux-x86_64-debian-gcc