CRAN Package Check Results for Package wildlifeDI

Last updated on 2025-02-22 11:51:46 CET.

Flavor Version Tinstall Tcheck Ttotal Status Flags
r-devel-linux-x86_64-debian-clang 1.0.0 9.33 351.68 361.01 NOTE
r-devel-linux-x86_64-debian-gcc 1.0.0 6.95 203.71 210.66 NOTE
r-devel-linux-x86_64-fedora-clang 1.0.0 579.59 NOTE
r-devel-linux-x86_64-fedora-gcc 1.0.0 583.53 NOTE
r-devel-macos-arm64 1.0.0 129.00 OK
r-devel-macos-x86_64 1.0.0 341.00 NOTE
r-devel-windows-x86_64 1.0.0 12.00 324.00 336.00 NOTE
r-patched-linux-x86_64 1.0.0 9.47 329.55 339.02 OK
r-release-linux-x86_64 1.0.0 8.49 328.79 337.28 OK
r-release-macos-arm64 1.0.0 125.00 OK
r-release-macos-x86_64 1.0.0 234.00 OK
r-release-windows-x86_64 1.0.0 11.00 304.00 315.00 OK
r-oldrel-macos-arm64 1.0.0 151.00 OK
r-oldrel-macos-x86_64 1.0.0 355.00 OK
r-oldrel-windows-x86_64 1.0.0 15.00 420.00 435.00 OK

Check Details

Version: 1.0.0
Check: DESCRIPTION meta-information
Result: NOTE Missing dependency on R >= 4.1.0 because package code uses the pipe |> or function shorthand \(...) syntax added in R 4.1.0. File(s) using such syntax: ‘Cs.r’ ‘DI.R’ ‘GetTO.r’ ‘HAI.R’ ‘Lixn.R’ ‘conProcess.R’ ‘ltraj_move2.R’ ‘move2_ltraj.R’ Flavors: r-devel-linux-x86_64-debian-clang, r-devel-linux-x86_64-debian-gcc, r-devel-linux-x86_64-fedora-clang, r-devel-linux-x86_64-fedora-gcc, r-devel-macos-x86_64, r-devel-windows-x86_64

mirror server hosted at Truenetwork, Russian Federation.