Last updated on 2025-07-15 00:50:21 CEST.
Flavor | Version | Tinstall | Tcheck | Ttotal | Status | Flags |
---|---|---|---|---|---|---|
r-devel-linux-x86_64-debian-clang | 0.1.3 | 10.27 | 74.95 | 85.22 | OK | |
r-devel-linux-x86_64-debian-gcc | 0.1.3 | 0.26 | 2.60 | 2.86 | ERROR | |
r-devel-linux-x86_64-fedora-clang | 0.1.3 | 2.47 | ERROR | |||
r-devel-linux-x86_64-fedora-gcc | 0.1.3 | 1.64 | ERROR | |||
r-devel-windows-x86_64 | 0.1.3 | 14.00 | 110.00 | 124.00 | OK | |
r-patched-linux-x86_64 | 0.1.3 | 10.14 | 71.86 | 82.00 | OK | |
r-release-linux-x86_64 | 0.1.3 | 9.02 | 70.34 | 79.36 | OK | |
r-release-macos-arm64 | 0.1.3 | 31.00 | OK | |||
r-release-macos-x86_64 | 0.1.3 | 75.00 | OK | |||
r-release-windows-x86_64 | 0.1.3 | 4.00 | 5.00 | 9.00 | ERROR | |
r-oldrel-macos-arm64 | 0.1.3 | 31.00 | OK | |||
r-oldrel-macos-x86_64 | 0.1.3 | 53.00 | OK | |||
r-oldrel-windows-x86_64 | 0.1.3 | 20.00 | 127.00 | 147.00 | OK |
Version: 0.1.3
Check: package dependencies
Result: ERROR
Package required but not available: ‘dataRetrieval’
See section ‘The DESCRIPTION file’ in the ‘Writing R Extensions’
manual.
Flavors: r-devel-linux-x86_64-debian-gcc, r-devel-linux-x86_64-fedora-clang, r-devel-linux-x86_64-fedora-gcc
Version: 0.1.3
Check: whether package can be installed
Result: ERROR
Installation failed.
Flavor: r-release-windows-x86_64