Last updated on 2025-05-28 00:49:18 CEST.
Flavor | Version | Tinstall | Tcheck | Ttotal | Status | Flags |
---|---|---|---|---|---|---|
r-devel-linux-x86_64-debian-clang | 1.9.1 | 12.98 | 72.67 | 85.65 | OK | |
r-devel-linux-x86_64-debian-gcc | 1.9.1 | 10.00 | 54.33 | 64.33 | OK | |
r-devel-linux-x86_64-fedora-clang | 1.9.1 | 137.68 | OK | |||
r-devel-linux-x86_64-fedora-gcc | 1.9.1 | 134.79 | OK | |||
r-devel-windows-x86_64 | 1.9.1 | 17.00 | 83.00 | 100.00 | OK | |
r-patched-linux-x86_64 | 1.9.1 | 13.59 | 69.67 | 83.26 | OK | |
r-release-linux-x86_64 | 1.9.1 | 13.55 | 70.64 | 84.19 | OK | |
r-release-macos-arm64 | 1.9.1 | 44.00 | OK | |||
r-release-macos-x86_64 | 1.9.1 | 84.00 | OK | |||
r-release-windows-x86_64 | 1.9.1 | 20.00 | 86.00 | 106.00 | OK | |
r-oldrel-macos-arm64 | 1.9.1 | 40.00 | NOTE | |||
r-oldrel-macos-x86_64 | 1.9.1 | 57.00 | NOTE | |||
r-oldrel-windows-x86_64 | 1.9.1 | 22.00 | 98.00 | 120.00 | NOTE |
Version: 1.9.1
Check: LazyData
Result: NOTE
'LazyData' is specified without a 'data' directory
Flavors: r-oldrel-macos-arm64, r-oldrel-macos-x86_64, r-oldrel-windows-x86_64