Last updated on 2025-11-04 05:51:29 CET.
| Flavor | Version | Tinstall | Tcheck | Ttotal | Status | Flags | 
|---|---|---|---|---|---|---|
| r-devel-linux-x86_64-debian-clang | 0.1.5 | 12.66 | 142.49 | 155.15 | OK | |
| r-devel-linux-x86_64-debian-gcc | 0.1.5 | 9.73 | 102.99 | 112.72 | OK | |
| r-devel-linux-x86_64-fedora-clang | 0.1.5 | 30.00 | 205.21 | 235.21 | NOTE | |
| r-devel-linux-x86_64-fedora-gcc | 0.1.5 | 29.00 | 209.42 | 238.42 | NOTE | |
| r-devel-windows-x86_64 | 0.1.5 | 17.00 | 136.00 | 153.00 | OK | |
| r-patched-linux-x86_64 | 0.1.5 | 12.13 | 132.97 | 145.10 | OK | |
| r-release-linux-x86_64 | 0.1.5 | 12.81 | 131.41 | 144.22 | OK | |
| r-release-macos-arm64 | 0.1.5 | 5.00 | 58.00 | 63.00 | OK | |
| r-release-macos-x86_64 | 0.1.5 | 9.00 | 97.00 | 106.00 | OK | |
| r-release-windows-x86_64 | 0.1.5 | 16.00 | 135.00 | 151.00 | OK | |
| r-oldrel-macos-arm64 | 0.1.5 | 5.00 | 55.00 | 60.00 | NOTE | |
| r-oldrel-macos-x86_64 | 0.1.5 | 8.00 | 81.00 | 89.00 | NOTE | |
| r-oldrel-windows-x86_64 | 0.1.5 | 21.00 | 177.00 | 198.00 | NOTE | 
Version: 0.1.5
Check: dependencies in R code
Result: NOTE
  Namespaces in Imports field not imported from:
    ‘shiny’ ‘tidyselect’
    All declared Imports should be used.
Flavors: r-devel-linux-x86_64-fedora-clang, r-devel-linux-x86_64-fedora-gcc
Version: 0.1.5
Check: LazyData
Result: NOTE
    'LazyData' is specified without a 'data' directory
Flavors: r-oldrel-macos-arm64, r-oldrel-macos-x86_64, r-oldrel-windows-x86_64