CRAN Package Check Results for Package webchem

Last updated on 2025-07-21 01:49:19 CEST.

Flavor Version Tinstall Tcheck Ttotal Status Flags
r-devel-linux-x86_64-debian-clang 1.3.1 7.14 66.83 73.97 OK
r-devel-linux-x86_64-debian-gcc 1.3.1 4.24 47.30 51.54 OK
r-devel-linux-x86_64-fedora-clang 1.3.1 118.58 OK
r-devel-linux-x86_64-fedora-gcc 1.3.1 127.48 OK
r-devel-windows-x86_64 1.3.1 10.00 85.00 95.00 OK
r-patched-linux-x86_64 1.3.0 8.47 60.90 69.37 NOTE
r-release-linux-x86_64 1.3.1 7.20 62.12 69.32 OK
r-release-macos-arm64 1.3.1 40.00 OK
r-release-macos-x86_64 1.3.1 71.00 OK
r-release-windows-x86_64 1.3.1 11.00 85.00 96.00 OK
r-oldrel-macos-arm64 1.3.1 41.00 OK
r-oldrel-macos-x86_64 1.3.1 73.00 OK
r-oldrel-windows-x86_64 1.3.1 14.00 99.00 113.00 OK

Check Details

Version: 1.3.0
Check: Rd files
Result: NOTE checkRd: (-1) get_cid.Rd:58-59: Lost braces 58 | <structure search> is assembled as "{\code{substructure} | | ^ checkRd: (-1) get_cid.Rd:59-60: Lost braces 59 | \code{superstructure} | \code{similarity} | \code{identity}} / {\code{smiles} | ^ checkRd: (-1) get_cid.Rd:70-71: Lost braces 70 | "{\code{fastidentity} | \code{fastsimilarity_2d} | \code{fastsimilarity_3d} | | ^ checkRd: (-1) get_cid.Rd:71-72: Lost braces 71 | \code{fastsubstructure} | \code{fastsuperstructure}}/{\code{smiles} | | ^ Flavor: r-patched-linux-x86_64

mirror server hosted at Truenetwork, Russian Federation.