Last updated on 2025-11-04 13:50:29 CET.
| Flavor | Version | Tinstall | Tcheck | Ttotal | Status | Flags |
|---|---|---|---|---|---|---|
| r-devel-linux-x86_64-debian-clang | 1.3.8 | 4.94 | 55.09 | 60.03 | OK | |
| r-devel-linux-x86_64-debian-gcc | 1.3.8 | 3.40 | 41.78 | 45.18 | OK | |
| r-devel-linux-x86_64-fedora-clang | 1.3.8 | 11.00 | 82.54 | 93.54 | OK | |
| r-devel-linux-x86_64-fedora-gcc | 1.3.8 | 12.00 | 96.09 | 108.09 | OK | |
| r-devel-windows-x86_64 | 1.3.8 | 7.00 | 68.00 | 75.00 | OK | |
| r-patched-linux-x86_64 | 1.3.8 | 4.38 | 51.57 | 55.95 | OK | |
| r-release-linux-x86_64 | 1.3.8 | 4.59 | 51.42 | 56.01 | OK | |
| r-release-macos-arm64 | 1.3.8 | 4.00 | 67.00 | 71.00 | OK | |
| r-release-macos-x86_64 | 1.3.8 | 4.00 | 86.00 | 90.00 | OK | |
| r-release-windows-x86_64 | 1.3.8 | 7.00 | 68.00 | 75.00 | OK | |
| r-oldrel-macos-arm64 | 1.3.8 | 2.00 | 37.00 | 39.00 | NOTE | |
| r-oldrel-macos-x86_64 | 1.3.8 | 3.00 | 57.00 | 60.00 | NOTE | |
| r-oldrel-windows-x86_64 | 1.3.8 | 8.00 | 82.00 | 90.00 | NOTE |
Version: 1.3.8
Check: package dependencies
Result: NOTE
Package suggested but not available for checking: ‘prepr’
Flavors: r-oldrel-macos-arm64, r-oldrel-macos-x86_64, r-oldrel-windows-x86_64