Last updated on 2025-02-22 05:51:56 CET.
Flavor | Version | Tinstall | Tcheck | Ttotal | Status | Flags |
---|---|---|---|---|---|---|
r-devel-linux-x86_64-debian-clang | 1.0 | 3.97 | 38.34 | 42.31 | OK | |
r-devel-linux-x86_64-debian-gcc | 1.0 | 2.53 | 27.73 | 30.26 | OK | |
r-devel-linux-x86_64-fedora-clang | 1.0 | 68.66 | NOTE | |||
r-devel-linux-x86_64-fedora-gcc | 1.0 | 78.20 | NOTE | |||
r-devel-macos-arm64 | 1.0 | 28.00 | OK | |||
r-devel-macos-x86_64 | 1.0 | 48.00 | OK | |||
r-devel-windows-x86_64 | 1.0 | 6.00 | 61.00 | 67.00 | OK | |
r-patched-linux-x86_64 | 1.0 | 3.92 | 36.68 | 40.60 | OK | |
r-release-linux-x86_64 | 1.0 | 4.50 | 35.95 | 40.45 | OK | |
r-release-macos-arm64 | 1.0 | 27.00 | OK | |||
r-release-macos-x86_64 | 1.0 | 42.00 | OK | |||
r-release-windows-x86_64 | 1.0 | 7.00 | 56.00 | 63.00 | OK | |
r-oldrel-macos-arm64 | 1.0 | 27.00 | OK | |||
r-oldrel-macos-x86_64 | 1.0 | 55.00 | OK | |||
r-oldrel-windows-x86_64 | 1.0 | 8.00 | 67.00 | 75.00 | OK |
Version: 1.0
Check: dependencies in R code
Result: NOTE
Namespace in Imports field not imported from: ‘survival’
All declared Imports should be used.
Flavors: r-devel-linux-x86_64-fedora-clang, r-devel-linux-x86_64-fedora-gcc