Last updated on 2025-11-04 05:51:29 CET.
| Flavor | Version | Tinstall | Tcheck | Ttotal | Status | Flags | 
|---|---|---|---|---|---|---|
| r-devel-linux-x86_64-debian-clang | 1.0.0 | 28.17 | 28.98 | 57.15 | NOTE | |
| r-devel-linux-x86_64-debian-gcc | 1.0.0 | 18.30 | 24.71 | 43.01 | NOTE | |
| r-devel-linux-x86_64-fedora-clang | 1.0.0 | 43.00 | 55.26 | 98.26 | OK | |
| r-devel-linux-x86_64-fedora-gcc | 1.0.0 | 47.00 | 45.11 | 92.11 | OK | |
| r-devel-windows-x86_64 | 1.0.0 | 33.00 | 71.00 | 104.00 | OK | |
| r-patched-linux-x86_64 | 1.0.0 | 28.38 | 29.41 | 57.79 | OK | |
| r-release-linux-x86_64 | 1.0.0 | 27.52 | 29.40 | 56.92 | OK | |
| r-release-macos-arm64 | 1.0.0 | 11.00 | 19.00 | 30.00 | OK | |
| r-release-macos-x86_64 | 1.0.0 | 17.00 | 42.00 | 59.00 | OK | |
| r-release-windows-x86_64 | 1.0.0 | 29.00 | 68.00 | 97.00 | OK | |
| r-oldrel-macos-arm64 | 1.0.0 | 11.00 | 22.00 | 33.00 | NOTE | |
| r-oldrel-macos-x86_64 | 1.0.0 | 19.00 | 26.00 | 45.00 | NOTE | |
| r-oldrel-windows-x86_64 | 1.0.0 | 38.00 | 85.00 | 123.00 | OK | 
Version: 1.0.0
Check: CRAN incoming feasibility
Result: NOTE
  Maintainer: ‘David Preinerstorfer <david.preinerstorfer@ulb.be>’
  
  No Authors@R field in DESCRIPTION.
  Please add one, modifying
    Authors@R: person(given = "David",
                      family = "Preinerstorfer",
                      role = c("aut", "cre"),
                      email = "david.preinerstorfer@ulb.be")
  as necessary.
  
  Package CITATION file contains call(s) to old-style citEntry().  Please
  use bibentry() instead.
  
  The Description field contains
    Heteroskedasticity Robust Tests?" <arXiv:2005.04089>. This diagnostic
  Please refer to arXiv e-prints via their arXiv DOI <doi:10.48550/arXiv.YYMM.NNNNN>.
Flavors: r-devel-linux-x86_64-debian-clang, r-devel-linux-x86_64-debian-gcc
Version: 1.0.0
Check: installed package size
Result: NOTE
    installed size is  5.3Mb
    sub-directories of 1Mb or more:
      libs   5.2Mb
Flavors: r-oldrel-macos-arm64, r-oldrel-macos-x86_64