Last updated on 2025-11-04 05:51:29 CET.
| Flavor | Version | Tinstall | Tcheck | Ttotal | Status | Flags | 
|---|---|---|---|---|---|---|
| r-devel-linux-x86_64-debian-clang | 1.1.0 | 1.83 | 171.03 | 172.86 | NOTE | |
| r-devel-linux-x86_64-debian-gcc | 1.1.0 | 1.50 | 102.60 | 104.10 | NOTE | |
| r-devel-linux-x86_64-fedora-clang | 1.1.0 | 285.85 | OK | |||
| r-devel-linux-x86_64-fedora-gcc | 1.1.0 | 288.41 | OK | |||
| r-devel-windows-x86_64 | 1.1.0 | 3.00 | 195.00 | 198.00 | OK | |
| r-patched-linux-x86_64 | 1.1.0 | 1.20 | 162.72 | 163.92 | OK | |
| r-release-linux-x86_64 | 1.1.0 | 1.54 | 163.85 | 165.39 | OK | |
| r-release-macos-arm64 | 1.1.0 | 1.00 | 77.00 | 78.00 | OK | |
| r-release-macos-x86_64 | 1.1.0 | 2.00 | 165.00 | 167.00 | OK | |
| r-release-windows-x86_64 | 1.1.0 | 3.00 | 193.00 | 196.00 | OK | |
| r-oldrel-macos-arm64 | 1.1.0 | 1.00 | 62.00 | 63.00 | NOTE | |
| r-oldrel-macos-x86_64 | 1.1.0 | 2.00 | 117.00 | 119.00 | NOTE | |
| r-oldrel-windows-x86_64 | 1.1.0 | 4.00 | 243.00 | 247.00 | NOTE | 
Version: 1.1.0
Check: CRAN incoming feasibility
Result: NOTE
  Maintainer: ‘Pablo Rodríguez-Sánchez <pablo.rodriguez.sanchez@gmail.com>’
  
  No Authors@R field in DESCRIPTION.
  Please add one, modifying
    Authors@R: person(given = "Pablo",
                      family = "Rodríguez-Sánchez",
                      role = c("aut", "cre"),
                      email = "pablo.rodriguez.sanchez@gmail.com")
  as necessary.
Flavors: r-devel-linux-x86_64-debian-clang, r-devel-linux-x86_64-debian-gcc
Version: 1.1.0
Check: LazyData
Result: NOTE
    'LazyData' is specified without a 'data' directory
Flavors: r-oldrel-macos-arm64, r-oldrel-macos-x86_64, r-oldrel-windows-x86_64