Last updated on 2025-02-21 17:50:59 CET.
Flavor | Version | Tinstall | Tcheck | Ttotal | Status | Flags |
---|---|---|---|---|---|---|
r-devel-linux-x86_64-debian-clang | 0.6 | 53.83 | 40.69 | 94.52 | OK | |
r-devel-linux-x86_64-debian-gcc | 0.6 | 40.45 | 32.61 | 73.06 | OK | |
r-devel-linux-x86_64-fedora-clang | 0.6 | 186.49 | OK | |||
r-devel-linux-x86_64-fedora-gcc | 0.6 | 192.46 | OK | |||
r-devel-macos-arm64 | 0.5 | 38.00 | OK | |||
r-devel-macos-x86_64 | 0.6 | 92.00 | OK | |||
r-devel-windows-x86_64 | 0.5 | 56.00 | 78.00 | 134.00 | OK | |
r-patched-linux-x86_64 | 0.5 | 56.54 | 40.58 | 97.12 | OK | |
r-release-linux-x86_64 | 0.5 | 56.59 | 45.34 | 101.93 | OK | |
r-release-macos-arm64 | 0.5 | 40.00 | NOTE | |||
r-release-macos-x86_64 | 0.6 | 114.00 | NOTE | |||
r-release-windows-x86_64 | 0.6 | 55.00 | 74.00 | 129.00 | OK | |
r-oldrel-macos-arm64 | 0.5 | 40.00 | NOTE | |||
r-oldrel-macos-x86_64 | 0.6 | 78.00 | NOTE | |||
r-oldrel-windows-x86_64 | 0.6 | 53.00 | 100.00 | 153.00 | OK |
Version: 0.5
Check: installed package size
Result: NOTE
installed size is 5.7Mb
sub-directories of 1Mb or more:
libs 5.6Mb
Flavors: r-release-macos-arm64, r-oldrel-macos-arm64
Version: 0.6
Check: installed package size
Result: NOTE
installed size is 5.8Mb
sub-directories of 1Mb or more:
libs 5.7Mb
Flavors: r-release-macos-x86_64, r-oldrel-macos-x86_64