CRAN Package Check Results for Package waterfalls

Last updated on 2025-07-19 06:48:47 CEST.

Flavor Version Tinstall Tcheck Ttotal Status Flags
r-devel-linux-x86_64-debian-clang 1.0.0 1.81 20.74 22.55 NOTE
r-devel-linux-x86_64-debian-gcc 1.0.0 1.27 16.76 18.03 NOTE
r-devel-linux-x86_64-fedora-clang 1.0.0 35.29 OK
r-devel-linux-x86_64-fedora-gcc 1.0.0 34.25 OK
r-devel-windows-x86_64 1.0.0 3.00 41.00 44.00 OK
r-patched-linux-x86_64 1.0.0 1.95 19.67 21.62 OK
r-release-linux-x86_64 1.0.0 1.82 19.89 21.71 OK
r-release-macos-arm64 1.0.0 16.00 OK
r-release-macos-x86_64 1.0.0 25.00 OK
r-release-windows-x86_64 1.0.0 3.00 40.00 43.00 OK
r-oldrel-macos-arm64 1.0.0 16.00 OK
r-oldrel-macos-x86_64 1.0.0 22.00 OK
r-oldrel-windows-x86_64 1.0.0 4.00 45.00 49.00 OK

Check Details

Version: 1.0.0
Check: CRAN incoming feasibility
Result: NOTE Maintainer: ‘Hugh Parsonage <hugh.parsonage+waterfall@gmail.com>’ No Authors@R field in DESCRIPTION. Please add one, modifying Authors@R: person(given = "Hugh", family = "Parsonage", role = c("aut", "cre"), email = "hugh.parsonage+waterfall@gmail.com") as necessary. Flavors: r-devel-linux-x86_64-debian-clang, r-devel-linux-x86_64-debian-gcc

mirror server hosted at Truenetwork, Russian Federation.