CRAN Package Check Results for Package washeR

Last updated on 2025-07-19 06:48:47 CEST.

Flavor Version Tinstall Tcheck Ttotal Status Flags
r-devel-linux-x86_64-debian-clang 0.1.3 1.93 22.07 24.00 NOTE
r-devel-linux-x86_64-debian-gcc 0.1.3 1.56 17.57 19.13 NOTE
r-devel-linux-x86_64-fedora-clang 0.1.3 38.03 OK
r-devel-linux-x86_64-fedora-gcc 0.1.3 35.65 OK
r-devel-windows-x86_64 0.1.3 3.00 47.00 50.00 OK
r-patched-linux-x86_64 0.1.3 1.94 20.84 22.78 OK
r-release-linux-x86_64 0.1.3 1.51 20.73 22.24 OK
r-release-macos-arm64 0.1.3 17.00 OK
r-release-macos-x86_64 0.1.3 29.00 OK
r-release-windows-x86_64 0.1.3 3.00 48.00 51.00 OK
r-oldrel-macos-arm64 0.1.3 16.00 OK
r-oldrel-macos-x86_64 0.1.3 29.00 OK
r-oldrel-windows-x86_64 0.1.3 3.00 52.00 55.00 OK

Check Details

Version: 0.1.3
Check: CRAN incoming feasibility
Result: NOTE Maintainer: ‘Andrea Venturini <andrea.venturini@bancaditalia.it>’ No Authors@R field in DESCRIPTION. Please add one, modifying Authors@R: person(given = "Andrea", family = "Venturini", role = c("aut", "cre"), email = "andrea.venturini@bancaditalia.it") as necessary. Flavors: r-devel-linux-x86_64-debian-clang, r-devel-linux-x86_64-debian-gcc

mirror server hosted at Truenetwork, Russian Federation.