CRAN Package Check Results for Package warpMix

Last updated on 2025-07-19 06:48:47 CEST.

Flavor Version Tinstall Tcheck Ttotal Status Flags
r-devel-linux-x86_64-debian-clang 0.1.0 11.45 93.89 105.34 NOTE
r-devel-linux-x86_64-debian-gcc 0.1.0 7.99 65.36 73.35 NOTE
r-devel-linux-x86_64-fedora-clang 0.1.0 163.20 NOTE
r-devel-linux-x86_64-fedora-gcc 0.1.0 157.16 NOTE
r-devel-windows-x86_64 0.1.0 12.00 96.00 108.00 OK
r-patched-linux-x86_64 0.1.0 11.83 88.91 100.74 OK
r-release-linux-x86_64 0.1.0 10.71 88.94 99.65 OK
r-release-macos-arm64 0.1.0 44.00 OK
r-release-macos-x86_64 0.1.0 84.00 OK
r-release-windows-x86_64 0.1.0 12.00 94.00 106.00 OK
r-oldrel-macos-arm64 0.1.0 47.00 NOTE
r-oldrel-macos-x86_64 0.1.0 68.00 NOTE
r-oldrel-windows-x86_64 0.1.0 16.00 122.00 138.00 NOTE

Check Details

Version: 0.1.0
Check: CRAN incoming feasibility
Result: NOTE Maintainer: ‘Emilie Devijver <emilie.devijver@kuleuven.be>’ No Authors@R field in DESCRIPTION. Please add one, modifying Authors@R: c(person(given = "Emilie", family = "Devijver", role = c("aut", "cre"), email = "emilie.devijver@kuleuven.be"), person(given = "Gerda", family = "Claeskens", role = "aut"), person(given = "Irene", family = "Gijbels", role = "aut")) as necessary. Flavors: r-devel-linux-x86_64-debian-clang, r-devel-linux-x86_64-debian-gcc

Version: 0.1.0
Check: dependencies in R code
Result: NOTE Namespace in Imports field not imported from: ‘nlme’ All declared Imports should be used. Flavors: r-devel-linux-x86_64-fedora-clang, r-devel-linux-x86_64-fedora-gcc

Version: 0.1.0
Check: LazyData
Result: NOTE 'LazyData' is specified without a 'data' directory Flavors: r-oldrel-macos-arm64, r-oldrel-macos-x86_64, r-oldrel-windows-x86_64

mirror server hosted at Truenetwork, Russian Federation.