Last updated on 2025-05-21 18:50:09 CEST.
Flavor | Version | Tinstall | Tcheck | Ttotal | Status | Flags |
---|---|---|---|---|---|---|
r-devel-linux-x86_64-debian-clang | 0.1.5 | 1.62 | 19.94 | 21.56 | OK | |
r-devel-linux-x86_64-debian-gcc | 0.1.5 | 1.35 | 16.05 | 17.40 | OK | |
r-devel-linux-x86_64-fedora-clang | 0.1.5 | 31.89 | OK | |||
r-devel-linux-x86_64-fedora-gcc | 0.1.5 | 32.07 | OK | |||
r-devel-windows-x86_64 | 0.1.5 | 4.00 | 50.00 | 54.00 | OK | |
r-patched-linux-x86_64 | 0.1.5 | 1.65 | 17.94 | 19.59 | OK | |
r-release-linux-x86_64 | 0.1.5 | 1.85 | 17.82 | 19.67 | OK | |
r-release-macos-arm64 | 0.1.5 | 15.00 | OK | |||
r-release-macos-x86_64 | 0.1.5 | 23.00 | OK | |||
r-release-windows-x86_64 | 0.1.5 | 4.00 | 49.00 | 53.00 | OK | |
r-oldrel-macos-arm64 | 0.1.5 | 14.00 | NOTE | |||
r-oldrel-macos-x86_64 | 0.1.5 | 21.00 | NOTE | |||
r-oldrel-windows-x86_64 | 0.1.5 | 4.00 | 45.00 | 49.00 | NOTE |
Version: 0.1.5
Check: LazyData
Result: NOTE
'LazyData' is specified without a 'data' directory
Flavors: r-oldrel-macos-arm64, r-oldrel-macos-x86_64, r-oldrel-windows-x86_64