Last updated on 2025-02-22 11:51:46 CET.
Flavor | Version | Tinstall | Tcheck | Ttotal | Status | Flags |
---|---|---|---|---|---|---|
r-devel-linux-x86_64-debian-clang | 0.0.1 | 2.86 | 32.61 | 35.47 | OK | |
r-devel-linux-x86_64-debian-gcc | 0.0.1 | 1.86 | 23.36 | 25.22 | OK | |
r-devel-linux-x86_64-fedora-clang | 0.0.1 | 54.12 | NOTE | |||
r-devel-linux-x86_64-fedora-gcc | 0.0.1 | 54.31 | NOTE | |||
r-devel-macos-arm64 | 0.0.1 | 21.00 | OK | |||
r-devel-macos-x86_64 | 0.0.1 | 36.00 | OK | |||
r-devel-windows-x86_64 | 0.0.1 | 4.00 | 51.00 | 55.00 | OK | |
r-patched-linux-x86_64 | 0.0.1 | 2.79 | 29.02 | 31.81 | NOTE | |
r-release-linux-x86_64 | 0.0.1 | 2.73 | 29.74 | 32.47 | NOTE | |
r-release-macos-arm64 | 0.0.1 | 21.00 | NOTE | |||
r-release-macos-x86_64 | 0.0.1 | 31.00 | NOTE | |||
r-release-windows-x86_64 | 0.0.1 | 4.00 | 51.00 | 55.00 | NOTE | |
r-oldrel-macos-arm64 | 0.0.1 | 23.00 | NOTE | |||
r-oldrel-macos-x86_64 | 0.0.1 | 31.00 | NOTE | |||
r-oldrel-windows-x86_64 | 0.0.1 | 6.00 | 58.00 | 64.00 | NOTE |
Version: 0.0.1
Check: dependencies in R code
Result: NOTE
Namespaces in Imports field not imported from:
‘Matrix’ ‘R6’
All declared Imports should be used.
Flavors: r-devel-linux-x86_64-fedora-clang, r-devel-linux-x86_64-fedora-gcc
Version: 0.0.1
Check: LazyData
Result: NOTE
'LazyData' is specified without a 'data' directory
Flavors: r-patched-linux-x86_64, r-release-linux-x86_64, r-release-macos-arm64, r-release-macos-x86_64, r-release-windows-x86_64, r-oldrel-macos-arm64, r-oldrel-macos-x86_64, r-oldrel-windows-x86_64