CRAN Package Check Results for Package vtype

Last updated on 2025-07-12 00:48:46 CEST.

Flavor Version Tinstall Tcheck Ttotal Status Flags
r-devel-linux-x86_64-debian-clang 0.8 2.20 26.16 28.36 NOTE
r-devel-linux-x86_64-debian-gcc 0.8 1.65 20.98 22.63 NOTE
r-devel-linux-x86_64-fedora-clang 0.8 45.52 OK
r-devel-linux-x86_64-fedora-gcc 0.8 56.17 OK
r-devel-windows-x86_64 0.8 3.00 52.00 55.00 OK
r-patched-linux-x86_64 0.8 2.55 24.96 27.51 OK
r-release-linux-x86_64 0.8 2.38 24.81 27.19 OK
r-release-macos-arm64 0.8 33.00 OK
r-release-macos-x86_64 0.8 49.00 OK
r-release-windows-x86_64 0.8 5.00 54.00 59.00 OK
r-oldrel-macos-arm64 0.8 23.00 OK
r-oldrel-macos-x86_64 0.8 40.00 OK
r-oldrel-windows-x86_64 0.8 4.00 57.00 61.00 OK

Check Details

Version: 0.8
Check: CRAN incoming feasibility
Result: NOTE Maintainer: ‘Andreas Schulz <ades-s@web.de>’ No Authors@R field in DESCRIPTION. Please add one, modifying Authors@R: c(person(given = "Andreas", family = "Schulz", role = "cre", email = "ades-s@web.de"), person(family = "PhD", role = c("aut", "cre"))) as necessary. Flavors: r-devel-linux-x86_64-debian-clang, r-devel-linux-x86_64-debian-gcc

mirror server hosted at Truenetwork, Russian Federation.