CRAN Package Check Results for Package vsgoftest

Last updated on 2025-07-12 18:49:57 CEST.

Flavor Version Tinstall Tcheck Ttotal Status Flags
r-devel-linux-x86_64-debian-clang 1.0-1 15.42 129.49 144.91 NOTE
r-devel-linux-x86_64-debian-gcc 1.0-1 11.48 90.22 101.70 NOTE
r-devel-linux-x86_64-fedora-clang 1.0-1 250.91 OK
r-devel-linux-x86_64-fedora-gcc 1.0-1 243.15 OK
r-devel-windows-x86_64 1.0-1 20.00 196.00 216.00 OK
r-patched-linux-x86_64 1.0-1 14.53 125.60 140.13 OK
r-release-linux-x86_64 1.0-1 14.14 124.43 138.57 OK
r-release-macos-arm64 1.0-1 82.00 OK
r-release-macos-x86_64 1.0-1 171.00 OK
r-release-windows-x86_64 1.0-1 20.00 182.00 202.00 OK
r-oldrel-macos-arm64 1.0-1 67.00 OK
r-oldrel-macos-x86_64 1.0-1 195.00 OK
r-oldrel-windows-x86_64 1.0-1 23.00 212.00 235.00 OK

Check Details

Version: 1.0-1
Check: CRAN incoming feasibility
Result: NOTE Maintainer: ‘Philippe Regnault <philipperegnault@hotmail.com>’ No Authors@R field in DESCRIPTION. Please add one, modifying Authors@R: c(person(given = "Justine", family = "Lequesne", role = "aut"), person(given = "Philippe", family = "Regnault", role = c("aut", "cre"), email = "philipperegnault@hotmail.com")) as necessary. Flavors: r-devel-linux-x86_64-debian-clang, r-devel-linux-x86_64-debian-gcc

mirror server hosted at Truenetwork, Russian Federation.