Last updated on 2025-11-04 05:51:29 CET.
| Flavor | Version | Tinstall | Tcheck | Ttotal | Status | Flags | 
|---|---|---|---|---|---|---|
| r-devel-linux-x86_64-debian-clang | 0.1.2 | 2.44 | 29.56 | 32.00 | OK | |
| r-devel-linux-x86_64-debian-gcc | 0.1.2 | 2.07 | 22.95 | 25.02 | OK | |
| r-devel-linux-x86_64-fedora-clang | 0.1.2 | 45.89 | OK | |||
| r-devel-linux-x86_64-fedora-gcc | 0.1.2 | 43.75 | OK | |||
| r-devel-windows-x86_64 | 0.1.2 | 5.00 | 58.00 | 63.00 | OK | |
| r-patched-linux-x86_64 | 0.1.2 | 3.30 | 27.68 | 30.98 | OK | |
| r-release-linux-x86_64 | 0.1.2 | 2.37 | 28.21 | 30.58 | OK | |
| r-release-macos-arm64 | 0.1.2 | 2.00 | 29.00 | 31.00 | OK | |
| r-release-macos-x86_64 | 0.1.2 | 2.00 | 28.00 | 30.00 | OK | |
| r-release-windows-x86_64 | 0.1.2 | 5.00 | 58.00 | 63.00 | OK | |
| r-oldrel-macos-arm64 | 0.1.2 | 2.00 | 19.00 | 21.00 | NOTE | |
| r-oldrel-macos-x86_64 | 0.1.2 | 2.00 | 25.00 | 27.00 | NOTE | |
| r-oldrel-windows-x86_64 | 0.1.2 | 6.00 | 65.00 | 71.00 | NOTE | 
Version: 0.1.2
Check: LazyData
Result: NOTE
    'LazyData' is specified without a 'data' directory
Flavors: r-oldrel-macos-arm64, r-oldrel-macos-x86_64, r-oldrel-windows-x86_64