Last updated on 2025-11-04 05:51:29 CET.
| Flavor | Version | Tinstall | Tcheck | Ttotal | Status | Flags | 
|---|---|---|---|---|---|---|
| r-devel-linux-x86_64-debian-clang | 0.1.0 | 7.26 | 66.58 | 73.84 | OK | |
| r-devel-linux-x86_64-debian-gcc | 0.1.0 | 4.77 | 47.86 | 52.63 | OK | |
| r-devel-linux-x86_64-fedora-clang | 0.1.0 | 17.00 | 97.20 | 114.20 | OK | |
| r-devel-linux-x86_64-fedora-gcc | 0.1.0 | 14.00 | 108.68 | 122.68 | OK | |
| r-devel-windows-x86_64 | 0.1.0 | 9.00 | 76.00 | 85.00 | OK | |
| r-patched-linux-x86_64 | 0.1.0 | 7.05 | 65.43 | 72.48 | OK | |
| r-release-linux-x86_64 | 0.1.0 | 6.83 | 60.33 | 67.16 | OK | |
| r-release-macos-arm64 | 0.1.0 | 2.00 | 44.00 | 46.00 | OK | |
| r-release-macos-x86_64 | 0.1.0 | 9.00 | 72.00 | 81.00 | OK | |
| r-release-windows-x86_64 | 0.1.0 | 8.00 | 77.00 | 85.00 | OK | |
| r-oldrel-macos-arm64 | 0.1.0 | 3.00 | 46.00 | 49.00 | NOTE | |
| r-oldrel-macos-x86_64 | 0.1.0 | 5.00 | 77.00 | 82.00 | NOTE | |
| r-oldrel-windows-x86_64 | 0.1.0 | 13.00 | 96.00 | 109.00 | NOTE | 
Version: 0.1.0
Check: installed package size
Result: NOTE
    installed size is  6.4Mb
    sub-directories of 1Mb or more:
      dist   3.5Mb
      doc    2.1Mb
Flavors: r-oldrel-macos-arm64, r-oldrel-macos-x86_64, r-oldrel-windows-x86_64