Last updated on 2025-11-04 11:52:47 CET.
| Flavor | Version | Tinstall | Tcheck | Ttotal | Status | Flags | 
|---|---|---|---|---|---|---|
| r-devel-linux-x86_64-debian-clang | 0.1.7 | 4.20 | 51.96 | 56.16 | OK | |
| r-devel-linux-x86_64-debian-gcc | 0.1.7 | 2.89 | 41.97 | 44.86 | OK | |
| r-devel-linux-x86_64-fedora-clang | 0.1.7 | 15.00 | 75.36 | 90.36 | OK | |
| r-devel-linux-x86_64-fedora-gcc | 0.1.7 | 96.52 | OK | |||
| r-devel-windows-x86_64 | 0.1.7 | 6.00 | 61.00 | 67.00 | OK | |
| r-patched-linux-x86_64 | 0.1.7 | 3.65 | 53.35 | 57.00 | OK | |
| r-release-linux-x86_64 | 0.1.7 | 3.83 | 50.10 | 53.93 | OK | |
| r-release-macos-arm64 | 0.1.7 | 2.00 | 56.00 | 58.00 | OK | |
| r-release-macos-x86_64 | 0.1.7 | 6.00 | 93.00 | 99.00 | OK | |
| r-release-windows-x86_64 | 0.1.7 | 5.00 | 60.00 | 65.00 | OK | |
| r-oldrel-macos-arm64 | 0.1.7 | 2.00 | 35.00 | 37.00 | NOTE | |
| r-oldrel-macos-x86_64 | 0.1.7 | 6.00 | 103.00 | 109.00 | NOTE | |
| r-oldrel-windows-x86_64 | 0.1.7 | 7.00 | 72.00 | 79.00 | NOTE | 
Version: 0.1.7
Check: installed package size
Result: NOTE
    installed size is  5.1Mb
    sub-directories of 1Mb or more:
      doc    1.7Mb
      help   3.0Mb
Flavors: r-oldrel-macos-arm64, r-oldrel-macos-x86_64, r-oldrel-windows-x86_64