Last updated on 2025-05-22 06:52:02 CEST.
Flavor | Version | Tinstall | Tcheck | Ttotal | Status | Flags |
---|---|---|---|---|---|---|
r-devel-linux-x86_64-debian-clang | 0.1.0 | 4.96 | 235.48 | 240.44 | OK | |
r-devel-linux-x86_64-debian-gcc | 0.1.0 | 4.29 | 143.35 | 147.64 | OK | |
r-devel-linux-x86_64-fedora-clang | 0.1.0 | 380.27 | NOTE | |||
r-devel-linux-x86_64-fedora-gcc | 0.1.0 | 420.29 | NOTE | |||
r-devel-windows-x86_64 | 0.1.0 | 9.00 | 210.00 | 219.00 | OK | |
r-patched-linux-x86_64 | 0.1.0 | 5.76 | 220.71 | 226.47 | OK | |
r-release-linux-x86_64 | 0.1.0 | 5.37 | 219.57 | 224.94 | OK | |
r-release-macos-arm64 | 0.1.0 | 94.00 | OK | |||
r-release-macos-x86_64 | 0.1.0 | 189.00 | OK | |||
r-release-windows-x86_64 | 0.1.0 | 10.00 | 211.00 | 221.00 | OK | |
r-oldrel-macos-arm64 | 0.1.0 | 96.00 | OK | |||
r-oldrel-macos-x86_64 | 0.1.0 | 155.00 | OK | |||
r-oldrel-windows-x86_64 | 0.1.0 | 9.00 | 285.00 | 294.00 | OK |
Version: 0.1.0
Check: dependencies in R code
Result: NOTE
Namespaces in Imports field not imported from:
‘mclust’ ‘rlang’
All declared Imports should be used.
Flavors: r-devel-linux-x86_64-fedora-clang, r-devel-linux-x86_64-fedora-gcc