Last updated on 2025-11-04 05:51:29 CET.
| Flavor | Version | Tinstall | Tcheck | Ttotal | Status | Flags | 
|---|---|---|---|---|---|---|
| r-devel-linux-x86_64-debian-clang | 1.1.0 | 1.83 | 21.57 | 23.40 | NOTE | |
| r-devel-linux-x86_64-debian-gcc | 1.1.0 | 1.53 | 17.59 | 19.12 | NOTE | |
| r-devel-linux-x86_64-fedora-clang | 1.1.0 | 33.75 | NOTE | |||
| r-devel-linux-x86_64-fedora-gcc | 1.1.0 | 32.42 | NOTE | |||
| r-devel-windows-x86_64 | 1.1.0 | 4.00 | 42.00 | 46.00 | NOTE | |
| r-patched-linux-x86_64 | 1.1.0 | 2.22 | 20.30 | 22.52 | NOTE | |
| r-release-linux-x86_64 | 1.1.0 | 2.00 | 20.18 | 22.18 | NOTE | |
| r-release-macos-arm64 | 1.1.0 | 1.00 | 24.00 | 25.00 | NOTE | |
| r-release-macos-x86_64 | 1.1.0 | 2.00 | 29.00 | 31.00 | NOTE | |
| r-release-windows-x86_64 | 1.1.0 | 4.00 | 42.00 | 46.00 | NOTE | |
| r-oldrel-macos-arm64 | 1.1.0 | 1.00 | 19.00 | 20.00 | NOTE | |
| r-oldrel-macos-x86_64 | 1.1.0 | 2.00 | 26.00 | 28.00 | NOTE | |
| r-oldrel-windows-x86_64 | 1.1.0 | 4.00 | 47.00 | 51.00 | NOTE | 
Version: 1.1.0
Check: CRAN incoming feasibility
Result: NOTE
  Maintainer: ‘Andrew A Zaffos <azaffos@email.arizona.edu>’
  
  No Authors@R field in DESCRIPTION.
  Please add one, modifying
    Authors@R: c(person(given = c("Andrew", "A."),
                        family = "Zaffos",
                        role = "aut"),
                 person(given = c("Andrew", "A"),
                        family = "Zaffos",
                        role = "cre",
                        email = "azaffos@email.arizona.edu"))
  as necessary.
Flavors: r-devel-linux-x86_64-debian-clang, r-devel-linux-x86_64-debian-gcc
Version: 1.1.0
Check: Rd files
Result: NOTE
  checkRd: (-1) additiveBeta.Rd:40: Lost braces in \itemize; meant \describe ?
  checkRd: (-1) additiveBeta.Rd:41: Lost braces in \itemize; meant \describe ?
  checkRd: (-1) additiveBeta.Rd:43: Lost braces in \itemize; meant \describe ?
  checkRd: (-1) additiveBeta.Rd:44: Lost braces in \itemize; meant \describe ?
  checkRd: (-1) additiveBeta.Rd:45: Lost braces in \itemize; meant \describe ?
  checkRd: (-1) additiveBeta.Rd:47: Lost braces in \itemize; meant \describe ?
  checkRd: (-1) downloadPBDB.Rd:27: Lost braces in \itemize; meant \describe ?
  checkRd: (-1) downloadPBDB.Rd:28: Lost braces in \itemize; meant \describe ?
  checkRd: (-1) downloadPBDB.Rd:29: Lost braces in \itemize; meant \describe ?
  checkRd: (-1) downloadPBDB.Rd:30: Lost braces in \itemize; meant \describe ?
  checkRd: (-1) downloadPBDB.Rd:31: Lost braces in \itemize; meant \describe ?
  checkRd: (-1) downloadPBDB.Rd:32: Lost braces in \itemize; meant \describe ?
  checkRd: (-1) downloadPBDB.Rd:33: Lost braces in \itemize; meant \describe ?
  checkRd: (-1) downloadPBDB.Rd:34: Lost braces in \itemize; meant \describe ?
  checkRd: (-1) multiplicativeBeta.Rd:31: Lost braces in \itemize; meant \describe ?
  checkRd: (-1) multiplicativeBeta.Rd:32: Lost braces in \itemize; meant \describe ?
  checkRd: (-1) multiplicativeBeta.Rd:33: Lost braces in \itemize; meant \describe ?
Flavors: r-devel-linux-x86_64-debian-clang, r-devel-linux-x86_64-debian-gcc, r-devel-linux-x86_64-fedora-clang, r-devel-linux-x86_64-fedora-gcc, r-devel-windows-x86_64, r-patched-linux-x86_64, r-release-linux-x86_64, r-release-macos-arm64, r-release-macos-x86_64, r-release-windows-x86_64, r-oldrel-macos-arm64, r-oldrel-macos-x86_64, r-oldrel-windows-x86_64
Version: 1.1.0
Check: LazyData
Result: NOTE
    'LazyData' is specified without a 'data' directory
Flavors: r-oldrel-macos-arm64, r-oldrel-macos-x86_64, r-oldrel-windows-x86_64