Last updated on 2025-07-13 18:52:59 CEST.
Flavor | Version | Tinstall | Tcheck | Ttotal | Status | Flags |
---|---|---|---|---|---|---|
r-devel-linux-x86_64-debian-clang | 0.9.12 | 6.21 | 94.82 | 101.03 | NOTE | |
r-devel-linux-x86_64-debian-gcc | 0.9.12 | 4.84 | 72.68 | 77.52 | NOTE | |
r-devel-linux-x86_64-fedora-clang | 0.9.12 | 169.78 | OK | |||
r-devel-linux-x86_64-fedora-gcc | 0.9.12 | 176.02 | OK | |||
r-devel-windows-x86_64 | 0.9.12 | 8.00 | 134.00 | 142.00 | OK | |
r-patched-linux-x86_64 | 0.9.12 | 7.50 | 92.82 | 100.32 | OK | |
r-release-linux-x86_64 | 0.9.12 | 7.73 | 91.56 | 99.29 | OK | |
r-release-macos-arm64 | 0.9.12 | 71.00 | OK | |||
r-release-macos-x86_64 | 0.9.12 | 129.00 | OK | |||
r-release-windows-x86_64 | 0.9.12 | 10.00 | 144.00 | 154.00 | OK | |
r-oldrel-macos-arm64 | 0.9.12 | 71.00 | OK | |||
r-oldrel-macos-x86_64 | 0.9.12 | 161.00 | OK | |||
r-oldrel-windows-x86_64 | 0.9.12 | 13.00 | 152.00 | 165.00 | OK |
Version: 0.9.12
Check: CRAN incoming feasibility
Result: NOTE
Maintainer: ‘Florian Jansen <florian.jansen@uni-rostock.de>’
No Authors@R field in DESCRIPTION.
Please add one, modifying
Authors@R: person(given = "Florian",
family = "Jansen",
role = c("aut", "cre"),
email = "florian.jansen@uni-rostock.de")
as necessary.
Flavors: r-devel-linux-x86_64-debian-clang, r-devel-linux-x86_64-debian-gcc