Last updated on 2025-11-04 05:51:29 CET.
| Flavor | Version | Tinstall | Tcheck | Ttotal | Status | Flags | 
|---|---|---|---|---|---|---|
| r-devel-linux-x86_64-debian-clang | 0.2.2 | 20.42 | 127.04 | 147.46 | NOTE | |
| r-devel-linux-x86_64-debian-gcc | 0.2.2 | 18.63 | 95.34 | 113.97 | NOTE | |
| r-devel-linux-x86_64-fedora-clang | 0.2.2 | 43.00 | 183.53 | 226.53 | OK | |
| r-devel-linux-x86_64-fedora-gcc | 0.2.2 | 44.00 | 173.43 | 217.43 | OK | |
| r-devel-windows-x86_64 | 0.2.2 | 16.00 | 111.00 | 127.00 | OK | |
| r-patched-linux-x86_64 | 0.2.2 | 19.22 | 121.42 | 140.64 | OK | |
| r-release-linux-x86_64 | 0.2.2 | 20.97 | 120.65 | 141.62 | OK | |
| r-release-macos-arm64 | 0.2.2 | 4.00 | 40.00 | 44.00 | OK | |
| r-release-macos-x86_64 | 0.2.2 | 10.00 | 82.00 | 92.00 | OK | |
| r-release-windows-x86_64 | 0.2.2 | 16.00 | 114.00 | 130.00 | OK | |
| r-oldrel-macos-arm64 | 0.2.2 | 4.00 | 39.00 | 43.00 | OK | |
| r-oldrel-macos-x86_64 | 0.2.2 | 12.00 | 109.00 | 121.00 | OK | |
| r-oldrel-windows-x86_64 | 0.2.2 | 23.00 | 148.00 | 171.00 | OK | 
Version: 0.2.2
Check: CRAN incoming feasibility
Result: NOTE
  Maintainer: ‘Joshua F. Wiley <josh@elkhartgroup.com>’
  
  No Authors@R field in DESCRIPTION.
  Please add one, modifying
    Authors@R: c(person(given = c("Joshua", "F."),
                        family = "Wiley",
                        role = c("aut", "cre"),
                        email = "josh@elkhartgroup.com"),
                 person(given = c("Elkhart", "Group"),
                        family = "Limited",
                        role = "cph"))
  as necessary.
Flavors: r-devel-linux-x86_64-debian-clang, r-devel-linux-x86_64-debian-gcc