CRAN Package Check Results for Package varband

Last updated on 2025-02-21 17:50:58 CET.

Flavor Version Tinstall Tcheck Ttotal Status Flags
r-devel-linux-x86_64-debian-clang 0.9.0 22.49 49.19 71.68 NOTE
r-devel-linux-x86_64-debian-gcc 0.9.0 16.43 36.95 53.38 NOTE
r-devel-linux-x86_64-fedora-clang 0.9.0 134.87 NOTE
r-devel-linux-x86_64-fedora-gcc 0.9.0 138.53 NOTE
r-devel-macos-arm64 0.9.0 45.00 NOTE
r-devel-macos-x86_64 0.9.0 77.00 NOTE
r-devel-windows-x86_64 0.9.0 27.00 86.00 113.00 NOTE
r-patched-linux-x86_64 0.9.0 19.80 48.41 68.21 NOTE
r-release-linux-x86_64 0.9.0 22.22 48.54 70.76 NOTE
r-release-macos-arm64 0.9.0 43.00 NOTE
r-release-macos-x86_64 0.9.0 59.00 NOTE
r-release-windows-x86_64 0.9.0 25.00 85.00 110.00 NOTE
r-oldrel-macos-arm64 0.9.0 47.00 NOTE
r-oldrel-macos-x86_64 0.9.0 75.00 NOTE
r-oldrel-windows-x86_64 0.9.0 31.00 114.00 145.00 NOTE

Check Details

Version: 0.9.0
Check: Rd files
Result: NOTE checkRd: (-1) sample_gen.Rd:18: Lost braces; missing escapes or markup? 18 | Generate \code{n} random samples from multivariate Gaussian distribution N(0, (L^TL)^{-1}) | ^ Flavors: r-devel-linux-x86_64-debian-clang, r-devel-linux-x86_64-debian-gcc, r-devel-linux-x86_64-fedora-clang, r-devel-linux-x86_64-fedora-gcc, r-devel-macos-arm64, r-devel-macos-x86_64, r-devel-windows-x86_64, r-patched-linux-x86_64, r-release-linux-x86_64, r-release-macos-arm64, r-release-macos-x86_64, r-release-windows-x86_64

Version: 0.9.0
Check: compiled code
Result: NOTE File ‘varband/libs/varband.so’: Found no calls to: ‘R_registerRoutines’, ‘R_useDynamicSymbols’ It is good practice to register native routines and to disable symbol search. See ‘Writing portable packages’ in the ‘Writing R Extensions’ manual. Flavors: r-devel-linux-x86_64-fedora-clang, r-devel-linux-x86_64-fedora-gcc

Version: 0.9.0
Check: LazyData
Result: NOTE 'LazyData' is specified without a 'data' directory Flavors: r-patched-linux-x86_64, r-release-linux-x86_64, r-release-macos-arm64, r-release-macos-x86_64, r-release-windows-x86_64, r-oldrel-macos-arm64, r-oldrel-macos-x86_64, r-oldrel-windows-x86_64

mirror server hosted at Truenetwork, Russian Federation.