Last updated on 2025-11-04 11:52:47 CET.
| Flavor | Version | Tinstall | Tcheck | Ttotal | Status | Flags | 
|---|---|---|---|---|---|---|
| r-devel-linux-x86_64-debian-clang | 0.4 | 7.91 | 91.00 | 98.91 | OK | |
| r-devel-linux-x86_64-debian-gcc | 0.4 | 5.87 | 68.59 | 74.46 | OK | |
| r-devel-linux-x86_64-fedora-clang | 0.4 | 17.00 | 133.71 | 150.71 | OK | |
| r-devel-linux-x86_64-fedora-gcc | 0.4 | 14.00 | 131.53 | 145.53 | OK | |
| r-devel-windows-x86_64 | 0.4 | 9.00 | 94.00 | 103.00 | OK | |
| r-patched-linux-x86_64 | 0.4 | 8.79 | 89.02 | 97.81 | OK | |
| r-release-linux-x86_64 | 0.4 | 8.09 | 88.03 | 96.12 | OK | |
| r-release-macos-arm64 | 0.4 | 4.00 | 44.00 | 48.00 | OK | |
| r-release-macos-x86_64 | 0.4 | 7.00 | 68.00 | 75.00 | OK | |
| r-release-windows-x86_64 | 0.4 | 9.00 | 93.00 | 102.00 | OK | |
| r-oldrel-macos-arm64 | 0.4 | 3.00 | 42.00 | 45.00 | NOTE | |
| r-oldrel-macos-x86_64 | 0.4 | 8.00 | 59.00 | 67.00 | NOTE | |
| r-oldrel-windows-x86_64 | 0.4 | 12.00 | 118.00 | 130.00 | NOTE | 
Version: 0.4
Check: LazyData
Result: NOTE
    'LazyData' is specified without a 'data' directory
Flavors: r-oldrel-macos-arm64, r-oldrel-macos-x86_64, r-oldrel-windows-x86_64