CRAN Package Check Results for Package validateIt

Last updated on 2025-07-10 00:49:53 CEST.

Flavor Version Tinstall Tcheck Ttotal Status Flags
r-devel-linux-x86_64-debian-clang 1.2.1 4.06 34.65 38.71 NOTE
r-devel-linux-x86_64-debian-gcc 1.2.1 2.50 26.76 29.26 NOTE
r-devel-linux-x86_64-fedora-clang 1.2.1 62.68 NOTE
r-devel-linux-x86_64-fedora-gcc 1.2.1 59.66 NOTE
r-devel-windows-x86_64 1.2.1 6.00 63.00 69.00 NOTE
r-patched-linux-x86_64 1.2.1 4.44 32.66 37.10 NOTE
r-release-linux-x86_64 1.2.1 4.19 32.45 36.64 NOTE
r-release-macos-arm64 1.2.1 24.00 NOTE
r-release-macos-x86_64 1.2.1 37.00 NOTE
r-release-windows-x86_64 1.2.1 6.00 54.00 60.00 NOTE
r-oldrel-macos-arm64 1.2.1 21.00 NOTE
r-oldrel-macos-x86_64 1.2.1 32.00 NOTE
r-oldrel-windows-x86_64 1.2.1 7.00 58.00 65.00 NOTE

Check Details

Version: 1.2.1
Check: Rd files
Result: NOTE checkRd: (-1) sendTasks.Rd:41: Lost braces in \itemize; \value handles \item{}{} directly checkRd: (-1) sendTasks.Rd:43: Lost braces in \itemize; \value handles \item{}{} directly Flavors: r-devel-linux-x86_64-debian-clang, r-devel-linux-x86_64-debian-gcc, r-devel-linux-x86_64-fedora-clang, r-devel-linux-x86_64-fedora-gcc, r-devel-windows-x86_64, r-patched-linux-x86_64, r-release-linux-x86_64, r-release-macos-arm64, r-release-macos-x86_64, r-release-windows-x86_64, r-oldrel-macos-arm64, r-oldrel-macos-x86_64, r-oldrel-windows-x86_64

mirror server hosted at Truenetwork, Russian Federation.