Last updated on 2025-05-22 18:52:23 CEST.
Flavor | Version | Tinstall | Tcheck | Ttotal | Status | Flags |
---|---|---|---|---|---|---|
r-devel-linux-x86_64-debian-clang | 0.2.3 | 85.07 | 229.86 | 314.93 | OK | |
r-devel-linux-x86_64-debian-gcc | 0.2.3 | 61.27 | 221.66 | 282.93 | OK | |
r-devel-linux-x86_64-fedora-clang | 0.2.3 | 481.02 | OK | |||
r-devel-linux-x86_64-fedora-gcc | 0.2.3 | 519.63 | OK | |||
r-devel-windows-x86_64 | 0.2.3 | 99.00 | 304.00 | 403.00 | OK | |
r-patched-linux-x86_64 | 0.2.3 | 87.56 | 225.53 | 313.09 | OK | |
r-release-linux-x86_64 | 0.2.3 | 85.94 | 224.83 | 310.77 | OK | |
r-release-macos-arm64 | 0.2.3 | 159.00 | OK | |||
r-release-macos-x86_64 | 0.2.3 | 285.00 | OK | |||
r-release-windows-x86_64 | 0.2.3 | 98.00 | 369.00 | 467.00 | OK | |
r-oldrel-macos-arm64 | 0.2.3 | 155.00 | NOTE | |||
r-oldrel-macos-x86_64 | 0.2.3 | 245.00 | NOTE | |||
r-oldrel-windows-x86_64 | 0.2.3 | 113.00 | 328.00 | 441.00 | OK |
Version: 0.2.3
Check: installed package size
Result: NOTE
installed size is 16.6Mb
sub-directories of 1Mb or more:
libs 15.6Mb
Flavors: r-oldrel-macos-arm64, r-oldrel-macos-x86_64