Last updated on 2025-05-23 18:50:42 CEST.
Flavor | Version | Tinstall | Tcheck | Ttotal | Status | Flags |
---|---|---|---|---|---|---|
r-devel-linux-x86_64-debian-clang | 0.1.0 | 1.62 | 16.96 | 18.58 | NOTE | |
r-devel-linux-x86_64-debian-gcc | 0.1.0 | 1.36 | 14.15 | 15.51 | NOTE | |
r-devel-linux-x86_64-fedora-clang | 0.1.0 | 29.24 | OK | |||
r-devel-linux-x86_64-fedora-gcc | 0.1.0 | 27.91 | OK | |||
r-devel-windows-x86_64 | 0.1.0 | 3.00 | 73.00 | 76.00 | OK | |
r-patched-linux-x86_64 | 0.1.0 | 1.57 | 16.26 | 17.83 | OK | |
r-release-linux-x86_64 | 0.1.0 | 1.65 | 16.23 | 17.88 | OK | |
r-release-macos-arm64 | 0.1.0 | 15.00 | OK | |||
r-release-macos-x86_64 | 0.1.0 | 21.00 | OK | |||
r-release-windows-x86_64 | 0.1.0 | 3.00 | 81.00 | 84.00 | OK | |
r-oldrel-macos-arm64 | 0.1.0 | 14.00 | OK | |||
r-oldrel-macos-x86_64 | 0.1.0 | 19.00 | OK | |||
r-oldrel-windows-x86_64 | 0.1.0 | 3.00 | 43.00 | 46.00 | OK |
Version: 0.1.0
Check: CRAN incoming feasibility
Result: NOTE
Maintainer: ‘Ben Derrick <ben.derrick@uwe.ac.uk>’
No Authors@R field in DESCRIPTION.
Please add one, modifying
Authors@R: person(given = "Ben",
family = "Derrick",
role = c("aut", "cre"),
email = "ben.derrick@uwe.ac.uk")
as necessary.
Flavors: r-devel-linux-x86_64-debian-clang, r-devel-linux-x86_64-debian-gcc