Last updated on 2025-02-21 17:50:58 CET.
Flavor | Version | Tinstall | Tcheck | Ttotal | Status | Flags |
---|---|---|---|---|---|---|
r-devel-linux-x86_64-debian-clang | 1.2-1 | 9.76 | 18.27 | 28.03 | OK | |
r-devel-linux-x86_64-debian-gcc | 1.2-1 | 7.17 | 15.03 | 22.20 | OK | |
r-devel-linux-x86_64-fedora-clang | 1.2-1 | 46.67 | OK | |||
r-devel-linux-x86_64-fedora-gcc | 1.2-1 | 42.28 | OK | |||
r-devel-macos-arm64 | 1.2-1 | 26.00 | OK | |||
r-devel-macos-x86_64 | 1.2-1 | 46.00 | OK | |||
r-devel-windows-x86_64 | 1.2-1 | 18.00 | 38.00 | 56.00 | WARN | |
r-patched-linux-x86_64 | 1.2-1 | 7.01 | 17.56 | 24.57 | OK | |
r-release-linux-x86_64 | 1.2-1 | 6.92 | 17.36 | 24.28 | OK | |
r-release-macos-arm64 | 1.2-1 | 33.00 | OK | |||
r-release-macos-x86_64 | 1.2-1 | 81.00 | OK | |||
r-release-windows-x86_64 | 1.2-1 | 18.00 | 41.00 | 59.00 | WARN | |
r-oldrel-macos-arm64 | 1.2-1 | 36.00 | OK | |||
r-oldrel-macos-x86_64 | 1.2-1 | 85.00 | OK | |||
r-oldrel-windows-x86_64 | 1.2-1 | 15.00 | 41.00 | 56.00 | WARN |
Version: 1.2-1
Check: whether package can be installed
Result: WARN
Found the following significant warnings:
randutils.c:60:12: warning: function declaration isn't a prototype [-Wstrict-prototypes]
See 'd:/Rcompile/CRANpkg/local/4.5/uuid.Rcheck/00install.out' for details.
* used C compiler: 'gcc.exe (GCC) 13.3.0'
Flavor: r-devel-windows-x86_64
Version: 1.2-1
Check: whether package can be installed
Result: WARN
Found the following significant warnings:
randutils.c:60:12: warning: function declaration isn't a prototype [-Wstrict-prototypes]
See 'd:/Rcompile/CRANpkg/local/4.4/uuid.Rcheck/00install.out' for details.
* used C compiler: 'gcc.exe (GCC) 13.2.0'
Flavor: r-release-windows-x86_64
Version: 1.2-1
Check: whether package can be installed
Result: WARN
Found the following significant warnings:
randutils.c:60:12: warning: function declaration isn't a prototype [-Wstrict-prototypes]
See 'd:/Rcompile/CRANpkg/local/4.3/uuid.Rcheck/00install.out' for details.
* used C compiler: 'gcc.exe (GCC) 12.3.0'
Flavor: r-oldrel-windows-x86_64