Last updated on 2025-11-04 11:52:47 CET.
| Flavor | Version | Tinstall | Tcheck | Ttotal | Status | Flags | 
|---|---|---|---|---|---|---|
| r-devel-linux-x86_64-debian-clang | 1.0.0 | 2.48 | 32.29 | 34.77 | OK | |
| r-devel-linux-x86_64-debian-gcc | 1.0.0 | 2.11 | 26.04 | 28.15 | OK | |
| r-devel-linux-x86_64-fedora-clang | 1.0.0 | 49.85 | OK | |||
| r-devel-linux-x86_64-fedora-gcc | 1.0.0 | 47.21 | OK | |||
| r-devel-windows-x86_64 | 1.0.0 | 6.00 | 48.00 | 54.00 | OK | |
| r-patched-linux-x86_64 | 1.0.0 | 2.38 | 29.20 | 31.58 | OK | |
| r-release-linux-x86_64 | 1.0.0 | 2.15 | 29.23 | 31.38 | OK | |
| r-release-macos-arm64 | 1.0.0 | 1.00 | 19.00 | 20.00 | OK | |
| r-release-macos-x86_64 | 1.0.0 | 2.00 | 31.00 | 33.00 | OK | |
| r-release-windows-x86_64 | 1.0.0 | 6.00 | 47.00 | 53.00 | OK | |
| r-oldrel-macos-arm64 | 1.0.0 | 1.00 | 24.00 | 25.00 | NOTE | |
| r-oldrel-macos-x86_64 | 1.0.0 | 3.00 | 37.00 | 40.00 | NOTE | |
| r-oldrel-windows-x86_64 | 1.0.0 | 7.00 | 58.00 | 65.00 | NOTE | 
Version: 1.0.0
Check: installed package size
Result: NOTE
    installed size is  9.9Mb
    sub-directories of 1Mb or more:
      extdata   9.8Mb
Flavors: r-oldrel-macos-arm64, r-oldrel-macos-x86_64, r-oldrel-windows-x86_64