CRAN Package Check Results for Package usdarnass

Last updated on 2025-07-16 07:49:24 CEST.

Flavor Version Tinstall Tcheck Ttotal Status Flags
r-devel-linux-x86_64-debian-clang 0.1.0 1.99 27.20 29.19 OK
r-devel-linux-x86_64-debian-gcc 0.1.0 1.57 23.05 24.62 OK
r-devel-linux-x86_64-fedora-clang 0.1.0 47.66 OK
r-devel-linux-x86_64-fedora-gcc 0.1.0 57.37 OK
r-devel-windows-x86_64 0.1.0 4.00 49.00 53.00 OK
r-patched-linux-x86_64 0.1.0 1.90 24.99 26.89 OK
r-release-linux-x86_64 0.1.0 1.78 24.88 26.66 OK
r-release-macos-arm64 0.1.0 27.00 OK
r-release-macos-x86_64 0.1.0 44.00 OK
r-release-windows-x86_64 0.1.0 3.00 54.00 57.00 OK
r-oldrel-macos-arm64 0.1.0 25.00 NOTE
r-oldrel-macos-x86_64 0.1.0 35.00 NOTE
r-oldrel-windows-x86_64 0.1.0 5.00 55.00 60.00 NOTE

Check Details

Version: 0.1.0
Check: LazyData
Result: NOTE 'LazyData' is specified without a 'data' directory Flavors: r-oldrel-macos-arm64, r-oldrel-macos-x86_64, r-oldrel-windows-x86_64

mirror server hosted at Truenetwork, Russian Federation.