CRAN Package Check Results for Package urlchecker

Last updated on 2025-11-28 17:48:57 CET.

Flavor Version Tinstall Tcheck Ttotal Status Flags
r-devel-linux-x86_64-debian-clang 1.0.1 1.62 20.55 22.17 OK
r-devel-linux-x86_64-debian-gcc 1.0.1 1.52 17.13 18.65 OK
r-devel-linux-x86_64-fedora-clang 1.0.1 31.35 NOTE
r-devel-linux-x86_64-fedora-gcc 1.0.1 31.57 NOTE
r-devel-windows-x86_64 1.0.1 4.00 37.00 41.00 OK
r-patched-linux-x86_64 1.0.1 1.61 18.48 20.09 OK
r-release-linux-x86_64 1.0.1 1.57 18.16 19.73 OK
r-release-macos-arm64 1.0.1 OK
r-release-macos-x86_64 1.0.1 2.00 21.00 23.00 OK
r-release-windows-x86_64 1.0.1 4.00 46.00 50.00 OK
r-oldrel-macos-arm64 1.0.1 OK
r-oldrel-macos-x86_64 1.0.1 1.00 18.00 19.00 OK
r-oldrel-windows-x86_64 1.0.1 4.00 42.00 46.00 OK

Check Details

Version: 1.0.1
Check: dependencies in R code
Result: NOTE Namespace in Imports field not imported from: ‘xml2’ All declared Imports should be used. Flavors: r-devel-linux-x86_64-fedora-clang, r-devel-linux-x86_64-fedora-gcc

mirror server hosted at Truenetwork, Russian Federation.