Last updated on 2025-02-22 05:51:55 CET.
Flavor | Version | Tinstall | Tcheck | Ttotal | Status | Flags |
---|---|---|---|---|---|---|
r-devel-linux-x86_64-debian-clang | 0.4 | 5.07 | 34.93 | 40.00 | NOTE | |
r-devel-linux-x86_64-debian-gcc | 0.4 | 2.97 | 25.92 | 28.89 | NOTE | |
r-devel-linux-x86_64-fedora-clang | 0.4 | 68.14 | NOTE | |||
r-devel-linux-x86_64-fedora-gcc | 0.4 | 76.25 | NOTE | |||
r-devel-macos-arm64 | 0.4 | 29.00 | NOTE | |||
r-devel-macos-x86_64 | 0.4 | 57.00 | NOTE | |||
r-devel-windows-x86_64 | 0.4 | 6.00 | 73.00 | 79.00 | NOTE | |
r-patched-linux-x86_64 | 0.4 | 5.19 | 33.06 | 38.25 | NOTE | |
r-release-linux-x86_64 | 0.4 | 4.72 | 32.83 | 37.55 | NOTE | |
r-release-macos-arm64 | 0.4 | 28.00 | NOTE | |||
r-release-macos-x86_64 | 0.4 | 62.00 | NOTE | |||
r-release-windows-x86_64 | 0.4 | 6.00 | 61.00 | 67.00 | NOTE | |
r-oldrel-macos-arm64 | 0.4 | 32.00 | NOTE | |||
r-oldrel-macos-x86_64 | 0.4 | 44.00 | NOTE | |||
r-oldrel-windows-x86_64 | 0.4 | 7.00 | 65.00 | 72.00 | NOTE |
Version: 0.4
Check: Rd files
Result: NOTE
checkRd: (-1) simRedCard.Rd:22: Lost braces in \itemize; \value handles \item{}{} directly
checkRd: (-1) simRedCard.Rd:23: Lost braces in \itemize; \value handles \item{}{} directly
Flavors: r-devel-linux-x86_64-debian-clang, r-devel-linux-x86_64-debian-gcc, r-devel-linux-x86_64-fedora-clang, r-devel-linux-x86_64-fedora-gcc, r-devel-macos-arm64, r-devel-macos-x86_64, r-devel-windows-x86_64, r-patched-linux-x86_64, r-release-linux-x86_64, r-release-macos-arm64, r-release-macos-x86_64, r-release-windows-x86_64
Version: 0.4
Check: LazyData
Result: NOTE
'LazyData' is specified without a 'data' directory
Flavors: r-patched-linux-x86_64, r-release-linux-x86_64, r-release-macos-arm64, r-release-macos-x86_64, r-release-windows-x86_64, r-oldrel-macos-arm64, r-oldrel-macos-x86_64, r-oldrel-windows-x86_64